{"id":14637,"date":"2022-08-08T14:57:50","date_gmt":"2022-08-08T14:57:50","guid":{"rendered":"https:\/\/copiamais.com\/lojaonline\/?post_type=product&#038;p=14637"},"modified":"2023-03-24T11:10:00","modified_gmt":"2023-03-24T11:10:00","slug":"adesivo-viatura-decorativo","status":"publish","type":"product","link":"https:\/\/copiamais.com\/lojaonline\/produto\/adesivo-viatura-decorativo\/","title":{"rendered":"Adesivo Viatura Decorativo"},"content":{"rendered":"<p><strong>Os Adesivos para Carro da C\u00d3PIA+ s\u00e3o ideais para dar um toque especial \u00e0 sua viatura!<br \/>\n<\/strong><\/p>\n<p>O adesivo pode ser aplicado pela parte de fora da viatura ou, no caso de ser colado num vidro transl\u00facido, pode tamb\u00e9m ser aplicado por dentro para ser visto do lado exterior.<br \/>\nPara prepararmos o adesivo da forma correta, seleccione na caixa acima de que lado pretende aplicar o adesivo.<\/p>\n<p>&nbsp;<\/p>\n<p>Caso pretenda o adesivo numa cor diferente das dispon\u00edveis (branco ou preto), <a href=\"https:\/\/copiamais.com\/contactos.html\" target=\"_blank\" rel=\"noopener noreferrer\">contacte-nos<\/a>.<\/p>\n<p>&nbsp;<\/p>\n<hr \/>\n<p>&nbsp;<\/p>\n<p><strong>Como aplicar?<\/strong><br \/>\nA superf\u00edcie onde vai colar o adesivo deve ser lisa e n\u00e3o porosa. Deve estar seca, sem sujidade e impurezas tais como p\u00f3, l\u00edquidos e manchas.<br \/>\nDever\u00e1 limpar a \u00e1rea onde ir\u00e1 colocar o material com \u00e1lcool.<\/p>\n<p>Seguir\u00e1 juntamente com a encomenda um documento com as devidas instru\u00e7\u00f5es de aplica\u00e7\u00e3o.<br \/>\nPoder\u00e1 sempre tamb\u00e9m contactar-nos atrav\u00e9s do telefone fixo ou email e teremos toda a disponibilidade para esclarecer qualquer d\u00favida que possa existir.<br \/>\nRecomendamos a aplica\u00e7\u00e3o do adesivo com <a href=\"https:\/\/copiamais.com\/lojaonline\/produto\/espatula-de-feltro\/\">esp\u00e1tula<\/a>.<\/p>\n<p>&nbsp;<\/p>\n<p><strong>O que ir\u00e1 receber?<\/strong><br \/>\nReceber\u00e1 uma embalagem com o adesivo.<br \/>\nNo caso de ter comprado tamb\u00e9m uma <a href=\"http:\/\/copiamais.com\/lojaonline\/produto\/espatula-de-feltro\/\">esp\u00e1tula<\/a>, esta estar\u00e1 tamb\u00e9m no interior da embalagem.<br \/>\nO adesivo \u00e9 composto por 2 ou 3 camadas de materiais: uma pel\u00edcula de transporte transparente por cima (opcional em desenhos com cortes finos), o vinil autocolante que ir\u00e1 ficar aplicado na viatura e, por baixo, o papel que suporta o autocolante.<\/p>\n<p>&nbsp;<\/p>\n<p>&nbsp;<\/p>\n<p>&nbsp;<\/p>\n<p><em>*Imagem meramente ilustrativa.<\/em><br \/>\n<em>Pode haver pequenas varia\u00e7\u00f5es de cor da imagem do produto para o produto final devido \u00e0 mudan\u00e7a do modo de cor de RGB para CMYK.<\/em><\/p>\n","protected":false},"excerpt":{"rendered":"<p>Os Adesivos para Carro da C\u00d3PIA+ s\u00e3o ideais para dar um toque especial \u00e0 sua viatura! O adesivo pode ser aplicado pela parte de fora da viatura ou, no caso de ser colado num vidro transl\u00facido, pode tamb\u00e9m ser aplicado por dentro para ser visto do lado exterior. Para prepararmos o adesivo da forma correta,<\/p>\n","protected":false},"featured_media":14654,"comment_status":"open","ping_status":"closed","template":"","meta":{"_monsterinsights_skip_tracking":false,"_monsterinsights_sitenote_active":false,"_monsterinsights_sitenote_note":"","_monsterinsights_sitenote_category":0},"product_brand":[],"product_cat":[153,61],"product_tag":[156],"class_list":{"0":"post-14637","1":"product","2":"type-product","3":"status-publish","4":"has-post-thumbnail","6":"product_cat-adesivocarro","7":"product_cat-adesivos","8":"product_tag-viaturas","10":"first","11":"instock","12":"taxable","13":"shipping-taxable","14":"purchasable","15":"product-type-variable"},"yoast_head":"<!-- This site is optimized with the Yoast SEO plugin v25.5 - https:\/\/yoast.com\/wordpress\/plugins\/seo\/ -->\n<title>Adesivo Viatura Decorativo - C\u00f3pia+ | Loja Online - Presentes Personalizados - Prendas Originais<\/title>\n<meta name=\"description\" content=\"Adesivo em vinil autocolante para viatura decorativo\" \/>\n<meta name=\"robots\" content=\"index, follow, max-snippet:-1, max-image-preview:large, max-video-preview:-1\" \/>\n<link rel=\"canonical\" href=\"https:\/\/copiamais.com\/lojaonline\/produto\/adesivo-viatura-decorativo\/\" \/>\n<meta property=\"og:locale\" content=\"pt_PT\" \/>\n<meta property=\"og:type\" content=\"article\" \/>\n<meta property=\"og:title\" content=\"Adesivo Viatura Decorativo - C\u00f3pia+ | Loja Online - Presentes Personalizados - Prendas Originais\" \/>\n<meta property=\"og:description\" content=\"Adesivo em vinil autocolante para viatura decorativo\" \/>\n<meta property=\"og:url\" content=\"https:\/\/copiamais.com\/lojaonline\/produto\/adesivo-viatura-decorativo\/\" \/>\n<meta property=\"og:site_name\" content=\"C\u00f3pia+ | Loja Online - Presentes Personalizados - Prendas Originais\" \/>\n<meta property=\"article:modified_time\" content=\"2023-03-24T11:10:00+00:00\" \/>\n<meta property=\"og:image\" content=\"https:\/\/copiamais.com\/lojaonline\/wp-content\/uploads\/2022\/08\/42.jpg?v=1659973107\" \/>\n\t<meta property=\"og:image:width\" content=\"1757\" \/>\n\t<meta property=\"og:image:height\" content=\"1757\" \/>\n\t<meta property=\"og:image:type\" content=\"image\/jpeg\" \/>\n<meta name=\"twitter:card\" content=\"summary_large_image\" \/>\n<meta name=\"twitter:label1\" content=\"Tempo estimado de leitura\" \/>\n\t<meta name=\"twitter:data1\" content=\"2 minutos\" \/>\n<script type=\"application\/ld+json\" class=\"yoast-schema-graph\">{\"@context\":\"https:\/\/schema.org\",\"@graph\":[{\"@type\":\"WebPage\",\"@id\":\"https:\/\/copiamais.com\/lojaonline\/produto\/adesivo-viatura-decorativo\/\",\"url\":\"https:\/\/copiamais.com\/lojaonline\/produto\/adesivo-viatura-decorativo\/\",\"name\":\"Adesivo Viatura Decorativo - C\u00f3pia+ | Loja Online - Presentes Personalizados - Prendas Originais\",\"isPartOf\":{\"@id\":\"https:\/\/copiamais.com\/lojaonline\/#website\"},\"primaryImageOfPage\":{\"@id\":\"https:\/\/copiamais.com\/lojaonline\/produto\/adesivo-viatura-decorativo\/#primaryimage\"},\"image\":{\"@id\":\"https:\/\/copiamais.com\/lojaonline\/produto\/adesivo-viatura-decorativo\/#primaryimage\"},\"thumbnailUrl\":\"https:\/\/copiamais.com\/lojaonline\/wp-content\/uploads\/2022\/08\/42.jpg?v=1659973107\",\"datePublished\":\"2022-08-08T14:57:50+00:00\",\"dateModified\":\"2023-03-24T11:10:00+00:00\",\"description\":\"Adesivo em vinil autocolante para viatura decorativo\",\"breadcrumb\":{\"@id\":\"https:\/\/copiamais.com\/lojaonline\/produto\/adesivo-viatura-decorativo\/#breadcrumb\"},\"inLanguage\":\"pt-PT\",\"potentialAction\":[{\"@type\":\"ReadAction\",\"target\":[\"https:\/\/copiamais.com\/lojaonline\/produto\/adesivo-viatura-decorativo\/\"]}]},{\"@type\":\"ImageObject\",\"inLanguage\":\"pt-PT\",\"@id\":\"https:\/\/copiamais.com\/lojaonline\/produto\/adesivo-viatura-decorativo\/#primaryimage\",\"url\":\"https:\/\/copiamais.com\/lojaonline\/wp-content\/uploads\/2022\/08\/42.jpg?v=1659973107\",\"contentUrl\":\"https:\/\/copiamais.com\/lojaonline\/wp-content\/uploads\/2022\/08\/42.jpg?v=1659973107\",\"width\":1757,\"height\":1757,\"caption\":\"adesivo decorativo carro mod.42 c\u00f3pia+\"},{\"@type\":\"BreadcrumbList\",\"@id\":\"https:\/\/copiamais.com\/lojaonline\/produto\/adesivo-viatura-decorativo\/#breadcrumb\",\"itemListElement\":[{\"@type\":\"ListItem\",\"position\":1,\"name\":\"In\u00edcio\",\"item\":\"https:\/\/copiamais.com\/lojaonline\/\"},{\"@type\":\"ListItem\",\"position\":2,\"name\":\"Loja\",\"item\":\"https:\/\/copiamais.com\/lojaonline\/loja\/\"},{\"@type\":\"ListItem\",\"position\":3,\"name\":\"Adesivo Viatura Decorativo\"}]},{\"@type\":\"WebSite\",\"@id\":\"https:\/\/copiamais.com\/lojaonline\/#website\",\"url\":\"https:\/\/copiamais.com\/lojaonline\/\",\"name\":\"C\u00f3pia+ | Loja Online - Presentes Personalizados - Prendas Originais\",\"description\":\"Presentes para namorados, Dia do Pai, Dia da M\u00e3e, Dia dos Av\u00f3s, P\u00e1scoa...\",\"publisher\":{\"@id\":\"https:\/\/copiamais.com\/lojaonline\/#organization\"},\"potentialAction\":[{\"@type\":\"SearchAction\",\"target\":{\"@type\":\"EntryPoint\",\"urlTemplate\":\"https:\/\/copiamais.com\/lojaonline\/?s={search_term_string}\"},\"query-input\":{\"@type\":\"PropertyValueSpecification\",\"valueRequired\":true,\"valueName\":\"search_term_string\"}}],\"inLanguage\":\"pt-PT\"},{\"@type\":\"Organization\",\"@id\":\"https:\/\/copiamais.com\/lojaonline\/#organization\",\"name\":\"C\u00f3pia+\",\"url\":\"https:\/\/copiamais.com\/lojaonline\/\",\"logo\":{\"@type\":\"ImageObject\",\"inLanguage\":\"pt-PT\",\"@id\":\"https:\/\/copiamais.com\/lojaonline\/#\/schema\/logo\/image\/\",\"url\":\"https:\/\/copiamais.com\/lojaonline\/wp-content\/uploads\/2019\/08\/logo_copia.png\",\"contentUrl\":\"https:\/\/copiamais.com\/lojaonline\/wp-content\/uploads\/2019\/08\/logo_copia.png\",\"width\":150,\"height\":92,\"caption\":\"C\u00f3pia+\"},\"image\":{\"@id\":\"https:\/\/copiamais.com\/lojaonline\/#\/schema\/logo\/image\/\"}}]}<\/script>\n<!-- \/ Yoast SEO plugin. -->","yoast_head_json":{"title":"Adesivo Viatura Decorativo - C\u00f3pia+ | Loja Online - Presentes Personalizados - Prendas Originais","description":"Adesivo em vinil autocolante para viatura decorativo","robots":{"index":"index","follow":"follow","max-snippet":"max-snippet:-1","max-image-preview":"max-image-preview:large","max-video-preview":"max-video-preview:-1"},"canonical":"https:\/\/copiamais.com\/lojaonline\/produto\/adesivo-viatura-decorativo\/","og_locale":"pt_PT","og_type":"article","og_title":"Adesivo Viatura Decorativo - C\u00f3pia+ | Loja Online - Presentes Personalizados - Prendas Originais","og_description":"Adesivo em vinil autocolante para viatura decorativo","og_url":"https:\/\/copiamais.com\/lojaonline\/produto\/adesivo-viatura-decorativo\/","og_site_name":"C\u00f3pia+ | Loja Online - Presentes Personalizados - Prendas Originais","article_modified_time":"2023-03-24T11:10:00+00:00","og_image":[{"width":1757,"height":1757,"url":"https:\/\/copiamais.com\/lojaonline\/wp-content\/uploads\/2022\/08\/42.jpg?v=1659973107","type":"image\/jpeg"}],"twitter_card":"summary_large_image","twitter_misc":{"Tempo estimado de leitura":"2 minutos"},"schema":{"@context":"https:\/\/schema.org","@graph":[{"@type":"WebPage","@id":"https:\/\/copiamais.com\/lojaonline\/produto\/adesivo-viatura-decorativo\/","url":"https:\/\/copiamais.com\/lojaonline\/produto\/adesivo-viatura-decorativo\/","name":"Adesivo Viatura Decorativo - C\u00f3pia+ | Loja Online - Presentes Personalizados - Prendas Originais","isPartOf":{"@id":"https:\/\/copiamais.com\/lojaonline\/#website"},"primaryImageOfPage":{"@id":"https:\/\/copiamais.com\/lojaonline\/produto\/adesivo-viatura-decorativo\/#primaryimage"},"image":{"@id":"https:\/\/copiamais.com\/lojaonline\/produto\/adesivo-viatura-decorativo\/#primaryimage"},"thumbnailUrl":"https:\/\/copiamais.com\/lojaonline\/wp-content\/uploads\/2022\/08\/42.jpg?v=1659973107","datePublished":"2022-08-08T14:57:50+00:00","dateModified":"2023-03-24T11:10:00+00:00","description":"Adesivo em vinil autocolante para viatura decorativo","breadcrumb":{"@id":"https:\/\/copiamais.com\/lojaonline\/produto\/adesivo-viatura-decorativo\/#breadcrumb"},"inLanguage":"pt-PT","potentialAction":[{"@type":"ReadAction","target":["https:\/\/copiamais.com\/lojaonline\/produto\/adesivo-viatura-decorativo\/"]}]},{"@type":"ImageObject","inLanguage":"pt-PT","@id":"https:\/\/copiamais.com\/lojaonline\/produto\/adesivo-viatura-decorativo\/#primaryimage","url":"https:\/\/copiamais.com\/lojaonline\/wp-content\/uploads\/2022\/08\/42.jpg?v=1659973107","contentUrl":"https:\/\/copiamais.com\/lojaonline\/wp-content\/uploads\/2022\/08\/42.jpg?v=1659973107","width":1757,"height":1757,"caption":"adesivo decorativo carro mod.42 c\u00f3pia+"},{"@type":"BreadcrumbList","@id":"https:\/\/copiamais.com\/lojaonline\/produto\/adesivo-viatura-decorativo\/#breadcrumb","itemListElement":[{"@type":"ListItem","position":1,"name":"In\u00edcio","item":"https:\/\/copiamais.com\/lojaonline\/"},{"@type":"ListItem","position":2,"name":"Loja","item":"https:\/\/copiamais.com\/lojaonline\/loja\/"},{"@type":"ListItem","position":3,"name":"Adesivo Viatura Decorativo"}]},{"@type":"WebSite","@id":"https:\/\/copiamais.com\/lojaonline\/#website","url":"https:\/\/copiamais.com\/lojaonline\/","name":"C\u00f3pia+ | Loja Online - Presentes Personalizados - Prendas Originais","description":"Presentes para namorados, Dia do Pai, Dia da M\u00e3e, Dia dos Av\u00f3s, P\u00e1scoa...","publisher":{"@id":"https:\/\/copiamais.com\/lojaonline\/#organization"},"potentialAction":[{"@type":"SearchAction","target":{"@type":"EntryPoint","urlTemplate":"https:\/\/copiamais.com\/lojaonline\/?s={search_term_string}"},"query-input":{"@type":"PropertyValueSpecification","valueRequired":true,"valueName":"search_term_string"}}],"inLanguage":"pt-PT"},{"@type":"Organization","@id":"https:\/\/copiamais.com\/lojaonline\/#organization","name":"C\u00f3pia+","url":"https:\/\/copiamais.com\/lojaonline\/","logo":{"@type":"ImageObject","inLanguage":"pt-PT","@id":"https:\/\/copiamais.com\/lojaonline\/#\/schema\/logo\/image\/","url":"https:\/\/copiamais.com\/lojaonline\/wp-content\/uploads\/2019\/08\/logo_copia.png","contentUrl":"https:\/\/copiamais.com\/lojaonline\/wp-content\/uploads\/2019\/08\/logo_copia.png","width":150,"height":92,"caption":"C\u00f3pia+"},"image":{"@id":"https:\/\/copiamais.com\/lojaonline\/#\/schema\/logo\/image\/"}}]}},"_links":{"self":[{"href":"https:\/\/copiamais.com\/lojaonline\/wp-json\/wp\/v2\/product\/14637","targetHints":{"allow":["GET"]}}],"collection":[{"href":"https:\/\/copiamais.com\/lojaonline\/wp-json\/wp\/v2\/product"}],"about":[{"href":"https:\/\/copiamais.com\/lojaonline\/wp-json\/wp\/v2\/types\/product"}],"replies":[{"embeddable":true,"href":"https:\/\/copiamais.com\/lojaonline\/wp-json\/wp\/v2\/comments?post=14637"}],"wp:featuredmedia":[{"embeddable":true,"href":"https:\/\/copiamais.com\/lojaonline\/wp-json\/wp\/v2\/media\/14654"}],"wp:attachment":[{"href":"https:\/\/copiamais.com\/lojaonline\/wp-json\/wp\/v2\/media?parent=14637"}],"wp:term":[{"taxonomy":"product_brand","embeddable":true,"href":"https:\/\/copiamais.com\/lojaonline\/wp-json\/wp\/v2\/product_brand?post=14637"},{"taxonomy":"product_cat","embeddable":true,"href":"https:\/\/copiamais.com\/lojaonline\/wp-json\/wp\/v2\/product_cat?post=14637"},{"taxonomy":"product_tag","embeddable":true,"href":"https:\/\/copiamais.com\/lojaonline\/wp-json\/wp\/v2\/product_tag?post=14637"}],"curies":[{"name":"wp","href":"https:\/\/api.w.org\/{rel}","templated":true}]}}