{"id":16791,"date":"2023-05-22T14:40:46","date_gmt":"2023-05-22T14:40:46","guid":{"rendered":"https:\/\/copiamais.com\/lojaonline\/?post_type=product&#038;p=16791"},"modified":"2023-05-23T14:12:29","modified_gmt":"2023-05-23T14:12:29","slug":"caneca-camisola-rio-ave-f-c","status":"publish","type":"product","link":"https:\/\/copiamais.com\/lojaonline\/produto\/caneca-camisola-rio-ave-f-c\/","title":{"rendered":"Caneca &#8211; Camisola Rio Ave F.C."},"content":{"rendered":"<p>Dispomos de v\u00e1rios tipos de canecas que podem ser personalizadas com este modelo. Independentemente do tipo de caneca, o modelo de imagem ser\u00e1 igual em qualquer uma.<\/p>\n<blockquote><p>-Caneca Branca<br \/>\n-Caneca Rosa (asa e interior de cor rosa; exterior branco; acabamento brilhante)<br \/>\n-Caneca Verde (asa e interior de cor verde.; exterior branco; acabamento brilhante)<br \/>\n-Caneca Preta (asa e interior de cor preta; exterior branco; acabamento brilhante)<br \/>\n-Caneca Azul (asa e interior de cor azul; exterior branco; acabamento brilhante)<br \/>\n-Caneca Vermelha (asa e interior de cor vermelha; exterior branco; acabamento brilhante)<br \/>\n-Caneca Amarela (asa e interior de cor amarela; exterior branco; acabamento brilhante)<br \/>\n-Caneca M\u00e1gica (apresenta-se preta enquanto est\u00e1 \u00e0 temperatura ambiente; a imagem surge quando colocado um l\u00edquido quente no seu interior)<\/p><\/blockquote>\n<p>&nbsp;<\/p>\n<p>&nbsp;<\/p>\n<p>Dimens\u00e3o do artigo: 9,5cm de altura por 8,2cm de di\u00e2metro.<\/p>\n<p>&nbsp;<\/p>\n<blockquote><p><strong>Aten\u00e7\u00e3o!<\/strong><\/p>\n<p><strong>Introduza na respetiva caixa o nome a colocar nas camisolas<\/strong>, a trocar por \u201cDiogo\u201d.<\/p>\n<p><strong>Introduza na respetiva caixa o n\u00famero a colocar nas camisolas<\/strong>, a trocar por \u201c7&#8243;.<\/p>\n<p>&nbsp;<\/p><\/blockquote>\n<p>&nbsp;<\/p>\n<p><em>*Imagem meramente ilustrativa.<\/em><br \/>\n<em>Pode haver pequenas varia\u00e7\u00f5es de cor da imagem do produto para o produto final devido \u00e0 mudan\u00e7a do modo de cor de RGB para CMYK.<\/em><\/p>\n","protected":false},"excerpt":{"rendered":"<p>Dispomos de v\u00e1rios tipos de canecas que podem ser personalizadas com este modelo. Independentemente do tipo de caneca, o modelo de imagem ser\u00e1 igual em qualquer uma. -Caneca Branca -Caneca Rosa (asa e interior de cor rosa; exterior branco; acabamento brilhante) -Caneca Verde (asa e interior de cor verde.; exterior branco; acabamento brilhante) -Caneca Preta<\/p>\n","protected":false},"featured_media":16800,"comment_status":"open","ping_status":"closed","template":"","meta":{"_monsterinsights_skip_tracking":false,"_monsterinsights_sitenote_active":false,"_monsterinsights_sitenote_note":"","_monsterinsights_sitenote_category":0},"product_brand":[],"product_cat":[168,75,76],"product_tag":[100,105,106],"class_list":{"0":"post-16791","1":"product","2":"type-product","3":"status-publish","4":"has-post-thumbnail","6":"product_cat-modelos-pre-criados-canecas","7":"product_cat-utensilios","8":"product_cat-canecas","9":"product_tag-artigos-personalizaveis","10":"product_tag-clubes","11":"product_tag-desporto","13":"first","14":"instock","15":"taxable","16":"shipping-taxable","17":"purchasable","18":"product-type-variable"},"yoast_head":"<!-- This site is optimized with the Yoast SEO plugin v25.5 - https:\/\/yoast.com\/wordpress\/plugins\/seo\/ -->\n<title>Caneca - Camisola Rio Ave F.C. - C\u00f3pia+ | Loja Online - Presentes Personalizados - Prendas Originais<\/title>\n<meta name=\"description\" content=\"Caneca - Camisola F.C. Porto\" \/>\n<meta name=\"robots\" content=\"index, follow, max-snippet:-1, max-image-preview:large, max-video-preview:-1\" \/>\n<link rel=\"canonical\" href=\"https:\/\/copiamais.com\/lojaonline\/produto\/caneca-camisola-rio-ave-f-c\/\" \/>\n<meta property=\"og:locale\" content=\"pt_PT\" \/>\n<meta property=\"og:type\" content=\"article\" \/>\n<meta property=\"og:title\" content=\"Caneca - Camisola Rio Ave F.C. - C\u00f3pia+ | Loja Online - Presentes Personalizados - Prendas Originais\" \/>\n<meta property=\"og:description\" content=\"Caneca - Camisola F.C. Porto\" \/>\n<meta property=\"og:url\" content=\"https:\/\/copiamais.com\/lojaonline\/produto\/caneca-camisola-rio-ave-f-c\/\" \/>\n<meta property=\"og:site_name\" content=\"C\u00f3pia+ | Loja Online - Presentes Personalizados - Prendas Originais\" \/>\n<meta property=\"article:modified_time\" content=\"2023-05-23T14:12:29+00:00\" \/>\n<meta property=\"og:image\" content=\"https:\/\/copiamais.com\/lojaonline\/wp-content\/uploads\/2023\/05\/caneca214_2.jpg?v=1684855660\" \/>\n\t<meta property=\"og:image:width\" content=\"1500\" \/>\n\t<meta property=\"og:image:height\" content=\"1500\" \/>\n\t<meta property=\"og:image:type\" content=\"image\/jpeg\" \/>\n<meta name=\"twitter:card\" content=\"summary_large_image\" \/>\n<meta name=\"twitter:label1\" content=\"Tempo estimado de leitura\" \/>\n\t<meta name=\"twitter:data1\" content=\"1 minuto\" \/>\n<script type=\"application\/ld+json\" class=\"yoast-schema-graph\">{\"@context\":\"https:\/\/schema.org\",\"@graph\":[{\"@type\":\"WebPage\",\"@id\":\"https:\/\/copiamais.com\/lojaonline\/produto\/caneca-camisola-rio-ave-f-c\/\",\"url\":\"https:\/\/copiamais.com\/lojaonline\/produto\/caneca-camisola-rio-ave-f-c\/\",\"name\":\"Caneca - Camisola Rio Ave F.C. - C\u00f3pia+ | Loja Online - Presentes Personalizados - Prendas Originais\",\"isPartOf\":{\"@id\":\"https:\/\/copiamais.com\/lojaonline\/#website\"},\"primaryImageOfPage\":{\"@id\":\"https:\/\/copiamais.com\/lojaonline\/produto\/caneca-camisola-rio-ave-f-c\/#primaryimage\"},\"image\":{\"@id\":\"https:\/\/copiamais.com\/lojaonline\/produto\/caneca-camisola-rio-ave-f-c\/#primaryimage\"},\"thumbnailUrl\":\"https:\/\/copiamais.com\/lojaonline\/wp-content\/uploads\/2023\/05\/caneca214_2.jpg?v=1684855660\",\"datePublished\":\"2023-05-22T14:40:46+00:00\",\"dateModified\":\"2023-05-23T14:12:29+00:00\",\"description\":\"Caneca - Camisola F.C. Porto\",\"breadcrumb\":{\"@id\":\"https:\/\/copiamais.com\/lojaonline\/produto\/caneca-camisola-rio-ave-f-c\/#breadcrumb\"},\"inLanguage\":\"pt-PT\",\"potentialAction\":[{\"@type\":\"ReadAction\",\"target\":[\"https:\/\/copiamais.com\/lojaonline\/produto\/caneca-camisola-rio-ave-f-c\/\"]}]},{\"@type\":\"ImageObject\",\"inLanguage\":\"pt-PT\",\"@id\":\"https:\/\/copiamais.com\/lojaonline\/produto\/caneca-camisola-rio-ave-f-c\/#primaryimage\",\"url\":\"https:\/\/copiamais.com\/lojaonline\/wp-content\/uploads\/2023\/05\/caneca214_2.jpg?v=1684855660\",\"contentUrl\":\"https:\/\/copiamais.com\/lojaonline\/wp-content\/uploads\/2023\/05\/caneca214_2.jpg?v=1684855660\",\"width\":1500,\"height\":1500,\"caption\":\"caneca camisola rio ave vila do conde copia+ mod.214\"},{\"@type\":\"BreadcrumbList\",\"@id\":\"https:\/\/copiamais.com\/lojaonline\/produto\/caneca-camisola-rio-ave-f-c\/#breadcrumb\",\"itemListElement\":[{\"@type\":\"ListItem\",\"position\":1,\"name\":\"In\u00edcio\",\"item\":\"https:\/\/copiamais.com\/lojaonline\/\"},{\"@type\":\"ListItem\",\"position\":2,\"name\":\"Loja\",\"item\":\"https:\/\/copiamais.com\/lojaonline\/loja\/\"},{\"@type\":\"ListItem\",\"position\":3,\"name\":\"Caneca &#8211; Camisola Rio Ave F.C.\"}]},{\"@type\":\"WebSite\",\"@id\":\"https:\/\/copiamais.com\/lojaonline\/#website\",\"url\":\"https:\/\/copiamais.com\/lojaonline\/\",\"name\":\"C\u00f3pia+ | Loja Online - Presentes Personalizados - Prendas Originais\",\"description\":\"Presentes para namorados, Dia do Pai, Dia da M\u00e3e, Dia dos Av\u00f3s, P\u00e1scoa...\",\"publisher\":{\"@id\":\"https:\/\/copiamais.com\/lojaonline\/#organization\"},\"potentialAction\":[{\"@type\":\"SearchAction\",\"target\":{\"@type\":\"EntryPoint\",\"urlTemplate\":\"https:\/\/copiamais.com\/lojaonline\/?s={search_term_string}\"},\"query-input\":{\"@type\":\"PropertyValueSpecification\",\"valueRequired\":true,\"valueName\":\"search_term_string\"}}],\"inLanguage\":\"pt-PT\"},{\"@type\":\"Organization\",\"@id\":\"https:\/\/copiamais.com\/lojaonline\/#organization\",\"name\":\"C\u00f3pia+\",\"url\":\"https:\/\/copiamais.com\/lojaonline\/\",\"logo\":{\"@type\":\"ImageObject\",\"inLanguage\":\"pt-PT\",\"@id\":\"https:\/\/copiamais.com\/lojaonline\/#\/schema\/logo\/image\/\",\"url\":\"https:\/\/copiamais.com\/lojaonline\/wp-content\/uploads\/2019\/08\/logo_copia.png\",\"contentUrl\":\"https:\/\/copiamais.com\/lojaonline\/wp-content\/uploads\/2019\/08\/logo_copia.png\",\"width\":150,\"height\":92,\"caption\":\"C\u00f3pia+\"},\"image\":{\"@id\":\"https:\/\/copiamais.com\/lojaonline\/#\/schema\/logo\/image\/\"}}]}<\/script>\n<!-- \/ Yoast SEO plugin. -->","yoast_head_json":{"title":"Caneca - Camisola Rio Ave F.C. - C\u00f3pia+ | Loja Online - Presentes Personalizados - Prendas Originais","description":"Caneca - Camisola F.C. Porto","robots":{"index":"index","follow":"follow","max-snippet":"max-snippet:-1","max-image-preview":"max-image-preview:large","max-video-preview":"max-video-preview:-1"},"canonical":"https:\/\/copiamais.com\/lojaonline\/produto\/caneca-camisola-rio-ave-f-c\/","og_locale":"pt_PT","og_type":"article","og_title":"Caneca - Camisola Rio Ave F.C. - C\u00f3pia+ | Loja Online - Presentes Personalizados - Prendas Originais","og_description":"Caneca - Camisola F.C. Porto","og_url":"https:\/\/copiamais.com\/lojaonline\/produto\/caneca-camisola-rio-ave-f-c\/","og_site_name":"C\u00f3pia+ | Loja Online - Presentes Personalizados - Prendas Originais","article_modified_time":"2023-05-23T14:12:29+00:00","og_image":[{"width":1500,"height":1500,"url":"https:\/\/copiamais.com\/lojaonline\/wp-content\/uploads\/2023\/05\/caneca214_2.jpg?v=1684855660","type":"image\/jpeg"}],"twitter_card":"summary_large_image","twitter_misc":{"Tempo estimado de leitura":"1 minuto"},"schema":{"@context":"https:\/\/schema.org","@graph":[{"@type":"WebPage","@id":"https:\/\/copiamais.com\/lojaonline\/produto\/caneca-camisola-rio-ave-f-c\/","url":"https:\/\/copiamais.com\/lojaonline\/produto\/caneca-camisola-rio-ave-f-c\/","name":"Caneca - Camisola Rio Ave F.C. - C\u00f3pia+ | Loja Online - Presentes Personalizados - Prendas Originais","isPartOf":{"@id":"https:\/\/copiamais.com\/lojaonline\/#website"},"primaryImageOfPage":{"@id":"https:\/\/copiamais.com\/lojaonline\/produto\/caneca-camisola-rio-ave-f-c\/#primaryimage"},"image":{"@id":"https:\/\/copiamais.com\/lojaonline\/produto\/caneca-camisola-rio-ave-f-c\/#primaryimage"},"thumbnailUrl":"https:\/\/copiamais.com\/lojaonline\/wp-content\/uploads\/2023\/05\/caneca214_2.jpg?v=1684855660","datePublished":"2023-05-22T14:40:46+00:00","dateModified":"2023-05-23T14:12:29+00:00","description":"Caneca - Camisola F.C. Porto","breadcrumb":{"@id":"https:\/\/copiamais.com\/lojaonline\/produto\/caneca-camisola-rio-ave-f-c\/#breadcrumb"},"inLanguage":"pt-PT","potentialAction":[{"@type":"ReadAction","target":["https:\/\/copiamais.com\/lojaonline\/produto\/caneca-camisola-rio-ave-f-c\/"]}]},{"@type":"ImageObject","inLanguage":"pt-PT","@id":"https:\/\/copiamais.com\/lojaonline\/produto\/caneca-camisola-rio-ave-f-c\/#primaryimage","url":"https:\/\/copiamais.com\/lojaonline\/wp-content\/uploads\/2023\/05\/caneca214_2.jpg?v=1684855660","contentUrl":"https:\/\/copiamais.com\/lojaonline\/wp-content\/uploads\/2023\/05\/caneca214_2.jpg?v=1684855660","width":1500,"height":1500,"caption":"caneca camisola rio ave vila do conde copia+ mod.214"},{"@type":"BreadcrumbList","@id":"https:\/\/copiamais.com\/lojaonline\/produto\/caneca-camisola-rio-ave-f-c\/#breadcrumb","itemListElement":[{"@type":"ListItem","position":1,"name":"In\u00edcio","item":"https:\/\/copiamais.com\/lojaonline\/"},{"@type":"ListItem","position":2,"name":"Loja","item":"https:\/\/copiamais.com\/lojaonline\/loja\/"},{"@type":"ListItem","position":3,"name":"Caneca &#8211; Camisola Rio Ave F.C."}]},{"@type":"WebSite","@id":"https:\/\/copiamais.com\/lojaonline\/#website","url":"https:\/\/copiamais.com\/lojaonline\/","name":"C\u00f3pia+ | Loja Online - Presentes Personalizados - Prendas Originais","description":"Presentes para namorados, Dia do Pai, Dia da M\u00e3e, Dia dos Av\u00f3s, P\u00e1scoa...","publisher":{"@id":"https:\/\/copiamais.com\/lojaonline\/#organization"},"potentialAction":[{"@type":"SearchAction","target":{"@type":"EntryPoint","urlTemplate":"https:\/\/copiamais.com\/lojaonline\/?s={search_term_string}"},"query-input":{"@type":"PropertyValueSpecification","valueRequired":true,"valueName":"search_term_string"}}],"inLanguage":"pt-PT"},{"@type":"Organization","@id":"https:\/\/copiamais.com\/lojaonline\/#organization","name":"C\u00f3pia+","url":"https:\/\/copiamais.com\/lojaonline\/","logo":{"@type":"ImageObject","inLanguage":"pt-PT","@id":"https:\/\/copiamais.com\/lojaonline\/#\/schema\/logo\/image\/","url":"https:\/\/copiamais.com\/lojaonline\/wp-content\/uploads\/2019\/08\/logo_copia.png","contentUrl":"https:\/\/copiamais.com\/lojaonline\/wp-content\/uploads\/2019\/08\/logo_copia.png","width":150,"height":92,"caption":"C\u00f3pia+"},"image":{"@id":"https:\/\/copiamais.com\/lojaonline\/#\/schema\/logo\/image\/"}}]}},"_links":{"self":[{"href":"https:\/\/copiamais.com\/lojaonline\/wp-json\/wp\/v2\/product\/16791","targetHints":{"allow":["GET"]}}],"collection":[{"href":"https:\/\/copiamais.com\/lojaonline\/wp-json\/wp\/v2\/product"}],"about":[{"href":"https:\/\/copiamais.com\/lojaonline\/wp-json\/wp\/v2\/types\/product"}],"replies":[{"embeddable":true,"href":"https:\/\/copiamais.com\/lojaonline\/wp-json\/wp\/v2\/comments?post=16791"}],"wp:featuredmedia":[{"embeddable":true,"href":"https:\/\/copiamais.com\/lojaonline\/wp-json\/wp\/v2\/media\/16800"}],"wp:attachment":[{"href":"https:\/\/copiamais.com\/lojaonline\/wp-json\/wp\/v2\/media?parent=16791"}],"wp:term":[{"taxonomy":"product_brand","embeddable":true,"href":"https:\/\/copiamais.com\/lojaonline\/wp-json\/wp\/v2\/product_brand?post=16791"},{"taxonomy":"product_cat","embeddable":true,"href":"https:\/\/copiamais.com\/lojaonline\/wp-json\/wp\/v2\/product_cat?post=16791"},{"taxonomy":"product_tag","embeddable":true,"href":"https:\/\/copiamais.com\/lojaonline\/wp-json\/wp\/v2\/product_tag?post=16791"}],"curies":[{"name":"wp","href":"https:\/\/api.w.org\/{rel}","templated":true}]}}