{"id":17873,"date":"2023-09-15T17:32:56","date_gmt":"2023-09-15T17:32:56","guid":{"rendered":"https:\/\/copiamais.com\/lojaonline\/?post_type=product&#038;p=17873"},"modified":"2023-09-22T17:52:57","modified_gmt":"2023-09-22T17:52:57","slug":"caixa-de-vinho-2-garrafas-de-vinho-personalizadas-madrinha","status":"publish","type":"product","link":"https:\/\/copiamais.com\/lojaonline\/produto\/caixa-de-vinho-2-garrafas-de-vinho-personalizadas-madrinha\/","title":{"rendered":"Caixa de Vinho + 2 Garrafas de Vinho Personalizadas &#8211; Madrinha"},"content":{"rendered":"<p>Caixa de Vinho em madeira com tampa frontal remov\u00edvel e personaliz\u00e1vel.<br \/>\n2 Garrafas de Vinho personaliz\u00e1veis no r\u00f3tulo.<\/p>\n<p><span data-offset-key=\"k7o7-0-0\">O vinho inclu\u00eddo \u00e9 da regi\u00e3o demarcada do D\u00e3o e pode optar entre 3 tipos: branco, tinto ou ros\u00e9.<\/span><\/p>\n<p>&nbsp;<\/p>\n<blockquote><p><strong>Aten\u00e7\u00e3o!<\/strong><\/p>\n<p><strong>Preencha as caixas acima com os textos a editar e carregue as imagens:<\/strong><\/p>\n<p><span style=\"color: #0000ff;\">Nome Caixa<\/span> &#8211; Nome a trocar por &#8220;Andreia&#8221;<br \/>\n<span style=\"color: #0000ff;\">Mensagem R\u00f3tulo 1<\/span> &#8211; Pequena mensagem a trocar por \u201cANDREIA\u201d (m\u00e1x. 18 caracteres).<br \/>\n<span style=\"color: #0000ff;\">Mensagem R\u00f3tulo 2<\/span> &#8211; Pequena mensagem a trocar por \u201cANDREIA\u201d (m\u00e1x. 18 caracteres).<br \/>\n<span style=\"color: #0000ff;\">Carregar 2 imagens na zona acima: 1 para cada r\u00f3tulo. <\/span>Identifique as fotografias atrav\u00e9s do nome das mesmas (ex.: imagemrotulo1.jpeg; imagemrotulo2.jpeg;). Se as fotografias n\u00e3o estiverem identificadas ser\u00e3o distribu\u00eddas de forma aleat\u00f3ria.<br \/>\n<span style=\"color: #0000ff;\">Selecionar o tipo de vinho para cada garrafa<\/span> (tinto, branco ou ros\u00e9).<\/p><\/blockquote>\n<p>&nbsp;<\/p>\n<p>As fotografias ser\u00e3o cortadas e ajustadas ao formato do modelo.<strong><br \/>\nEnviaremos uma maqueta para aprova\u00e7\u00e3o por email antes de avan\u00e7ar com a produ\u00e7\u00e3o.<\/strong><\/p>\n<p>&nbsp;<\/p>\n<p>Dimens\u00f5es:<br \/>\nCaixa: 19x10x34,6cm<br \/>\nInterior da caixa: 17,3&#215;8,5x33cm (largura m\u00e1xima de cada garrafa: 8cm)<\/p>\n<p><em>*Imagem meramente ilustrativa.<\/em><br \/>\n<em>Pode haver pequenas varia\u00e7\u00f5es de cor da imagem do produto para o produto final devido \u00e0 mudan\u00e7a do modo de cor de RGB para CMYK.<\/em><\/p>\n","protected":false},"excerpt":{"rendered":"<p>Caixa de Vinho em madeira com tampa frontal remov\u00edvel e personaliz\u00e1vel. 2 Garrafas de Vinho personaliz\u00e1veis no r\u00f3tulo. O vinho inclu\u00eddo \u00e9 da regi\u00e3o demarcada do D\u00e3o e pode optar entre 3 tipos: branco, tinto ou ros\u00e9. &nbsp; Aten\u00e7\u00e3o! Preencha as caixas acima com os textos a editar e carregue as imagens: Nome Caixa &#8211;<\/p>\n","protected":false},"featured_media":18202,"comment_status":"open","ping_status":"closed","template":"","meta":{"_monsterinsights_skip_tracking":false,"_monsterinsights_sitenote_active":false,"_monsterinsights_sitenote_note":"","_monsterinsights_sitenote_category":0},"product_brand":[],"product_cat":[246,227,224,225],"product_tag":[93,100],"class_list":{"0":"post-17873","1":"product","2":"type-product","3":"status-publish","4":"has-post-thumbnail","6":"product_cat-2-garradas-cg","7":"product_cat-caixa-garrafa-de-vinho-1-1","8":"product_cat-caixas-de-vinho","9":"product_cat-modelos-pre-criados-1","10":"product_tag-aniversario","11":"product_tag-artigos-personalizaveis","13":"first","14":"instock","15":"taxable","16":"shipping-taxable","17":"purchasable","18":"product-type-variable"},"yoast_head":"<!-- This site is optimized with the Yoast SEO plugin v25.5 - https:\/\/yoast.com\/wordpress\/plugins\/seo\/ -->\n<title>Caixa de Vinho + 2 Garrafas de Vinho Personalizadas - Madrinha - C\u00f3pia+ | Loja Online - Presentes Personalizados - Prendas Originais<\/title>\n<meta name=\"description\" content=\"Caixa de Vinho + Garrafas de Vinho Personalizadas - Madrinha\" \/>\n<meta name=\"robots\" content=\"index, follow, max-snippet:-1, max-image-preview:large, max-video-preview:-1\" \/>\n<link rel=\"canonical\" href=\"https:\/\/copiamais.com\/lojaonline\/produto\/caixa-de-vinho-2-garrafas-de-vinho-personalizadas-madrinha\/\" \/>\n<meta property=\"og:locale\" content=\"pt_PT\" \/>\n<meta property=\"og:type\" content=\"article\" \/>\n<meta property=\"og:title\" content=\"Caixa de Vinho + 2 Garrafas de Vinho Personalizadas - Madrinha - C\u00f3pia+ | Loja Online - Presentes Personalizados - Prendas Originais\" \/>\n<meta property=\"og:description\" content=\"Caixa de Vinho + Garrafas de Vinho Personalizadas - Madrinha\" \/>\n<meta property=\"og:url\" content=\"https:\/\/copiamais.com\/lojaonline\/produto\/caixa-de-vinho-2-garrafas-de-vinho-personalizadas-madrinha\/\" \/>\n<meta property=\"og:site_name\" content=\"C\u00f3pia+ | Loja Online - Presentes Personalizados - Prendas Originais\" \/>\n<meta property=\"article:modified_time\" content=\"2023-09-22T17:52:57+00:00\" \/>\n<meta property=\"og:image\" content=\"https:\/\/copiamais.com\/lojaonline\/wp-content\/uploads\/2023\/09\/2-garrafas-modelo11.3.jpg?v=1695405589\" \/>\n\t<meta property=\"og:image:width\" content=\"1080\" \/>\n\t<meta property=\"og:image:height\" content=\"1080\" \/>\n\t<meta property=\"og:image:type\" content=\"image\/jpeg\" \/>\n<meta name=\"twitter:card\" content=\"summary_large_image\" \/>\n<meta name=\"twitter:label1\" content=\"Tempo estimado de leitura\" \/>\n\t<meta name=\"twitter:data1\" content=\"1 minuto\" \/>\n<script type=\"application\/ld+json\" class=\"yoast-schema-graph\">{\"@context\":\"https:\/\/schema.org\",\"@graph\":[{\"@type\":\"WebPage\",\"@id\":\"https:\/\/copiamais.com\/lojaonline\/produto\/caixa-de-vinho-2-garrafas-de-vinho-personalizadas-madrinha\/\",\"url\":\"https:\/\/copiamais.com\/lojaonline\/produto\/caixa-de-vinho-2-garrafas-de-vinho-personalizadas-madrinha\/\",\"name\":\"Caixa de Vinho + 2 Garrafas de Vinho Personalizadas - Madrinha - C\u00f3pia+ | Loja Online - Presentes Personalizados - Prendas Originais\",\"isPartOf\":{\"@id\":\"https:\/\/copiamais.com\/lojaonline\/#website\"},\"primaryImageOfPage\":{\"@id\":\"https:\/\/copiamais.com\/lojaonline\/produto\/caixa-de-vinho-2-garrafas-de-vinho-personalizadas-madrinha\/#primaryimage\"},\"image\":{\"@id\":\"https:\/\/copiamais.com\/lojaonline\/produto\/caixa-de-vinho-2-garrafas-de-vinho-personalizadas-madrinha\/#primaryimage\"},\"thumbnailUrl\":\"https:\/\/copiamais.com\/lojaonline\/wp-content\/uploads\/2023\/09\/2-garrafas-modelo11.3.jpg?v=1695405589\",\"datePublished\":\"2023-09-15T17:32:56+00:00\",\"dateModified\":\"2023-09-22T17:52:57+00:00\",\"description\":\"Caixa de Vinho + Garrafas de Vinho Personalizadas - Madrinha\",\"breadcrumb\":{\"@id\":\"https:\/\/copiamais.com\/lojaonline\/produto\/caixa-de-vinho-2-garrafas-de-vinho-personalizadas-madrinha\/#breadcrumb\"},\"inLanguage\":\"pt-PT\",\"potentialAction\":[{\"@type\":\"ReadAction\",\"target\":[\"https:\/\/copiamais.com\/lojaonline\/produto\/caixa-de-vinho-2-garrafas-de-vinho-personalizadas-madrinha\/\"]}]},{\"@type\":\"ImageObject\",\"inLanguage\":\"pt-PT\",\"@id\":\"https:\/\/copiamais.com\/lojaonline\/produto\/caixa-de-vinho-2-garrafas-de-vinho-personalizadas-madrinha\/#primaryimage\",\"url\":\"https:\/\/copiamais.com\/lojaonline\/wp-content\/uploads\/2023\/09\/2-garrafas-modelo11.3.jpg?v=1695405589\",\"contentUrl\":\"https:\/\/copiamais.com\/lojaonline\/wp-content\/uploads\/2023\/09\/2-garrafas-modelo11.3.jpg?v=1695405589\",\"width\":1080,\"height\":1080,\"caption\":\"caixa + 2 garrafas de vinho madrinha mod.11\"},{\"@type\":\"BreadcrumbList\",\"@id\":\"https:\/\/copiamais.com\/lojaonline\/produto\/caixa-de-vinho-2-garrafas-de-vinho-personalizadas-madrinha\/#breadcrumb\",\"itemListElement\":[{\"@type\":\"ListItem\",\"position\":1,\"name\":\"In\u00edcio\",\"item\":\"https:\/\/copiamais.com\/lojaonline\/\"},{\"@type\":\"ListItem\",\"position\":2,\"name\":\"Loja\",\"item\":\"https:\/\/copiamais.com\/lojaonline\/loja\/\"},{\"@type\":\"ListItem\",\"position\":3,\"name\":\"Caixa de Vinho + 2 Garrafas de Vinho Personalizadas &#8211; Madrinha\"}]},{\"@type\":\"WebSite\",\"@id\":\"https:\/\/copiamais.com\/lojaonline\/#website\",\"url\":\"https:\/\/copiamais.com\/lojaonline\/\",\"name\":\"C\u00f3pia+ | Loja Online - Presentes Personalizados - Prendas Originais\",\"description\":\"Presentes para namorados, Dia do Pai, Dia da M\u00e3e, Dia dos Av\u00f3s, P\u00e1scoa...\",\"publisher\":{\"@id\":\"https:\/\/copiamais.com\/lojaonline\/#organization\"},\"potentialAction\":[{\"@type\":\"SearchAction\",\"target\":{\"@type\":\"EntryPoint\",\"urlTemplate\":\"https:\/\/copiamais.com\/lojaonline\/?s={search_term_string}\"},\"query-input\":{\"@type\":\"PropertyValueSpecification\",\"valueRequired\":true,\"valueName\":\"search_term_string\"}}],\"inLanguage\":\"pt-PT\"},{\"@type\":\"Organization\",\"@id\":\"https:\/\/copiamais.com\/lojaonline\/#organization\",\"name\":\"C\u00f3pia+\",\"url\":\"https:\/\/copiamais.com\/lojaonline\/\",\"logo\":{\"@type\":\"ImageObject\",\"inLanguage\":\"pt-PT\",\"@id\":\"https:\/\/copiamais.com\/lojaonline\/#\/schema\/logo\/image\/\",\"url\":\"https:\/\/copiamais.com\/lojaonline\/wp-content\/uploads\/2019\/08\/logo_copia.png\",\"contentUrl\":\"https:\/\/copiamais.com\/lojaonline\/wp-content\/uploads\/2019\/08\/logo_copia.png\",\"width\":150,\"height\":92,\"caption\":\"C\u00f3pia+\"},\"image\":{\"@id\":\"https:\/\/copiamais.com\/lojaonline\/#\/schema\/logo\/image\/\"}}]}<\/script>\n<!-- \/ Yoast SEO plugin. -->","yoast_head_json":{"title":"Caixa de Vinho + 2 Garrafas de Vinho Personalizadas - Madrinha - C\u00f3pia+ | Loja Online - Presentes Personalizados - Prendas Originais","description":"Caixa de Vinho + Garrafas de Vinho Personalizadas - Madrinha","robots":{"index":"index","follow":"follow","max-snippet":"max-snippet:-1","max-image-preview":"max-image-preview:large","max-video-preview":"max-video-preview:-1"},"canonical":"https:\/\/copiamais.com\/lojaonline\/produto\/caixa-de-vinho-2-garrafas-de-vinho-personalizadas-madrinha\/","og_locale":"pt_PT","og_type":"article","og_title":"Caixa de Vinho + 2 Garrafas de Vinho Personalizadas - Madrinha - C\u00f3pia+ | Loja Online - Presentes Personalizados - Prendas Originais","og_description":"Caixa de Vinho + Garrafas de Vinho Personalizadas - Madrinha","og_url":"https:\/\/copiamais.com\/lojaonline\/produto\/caixa-de-vinho-2-garrafas-de-vinho-personalizadas-madrinha\/","og_site_name":"C\u00f3pia+ | Loja Online - Presentes Personalizados - Prendas Originais","article_modified_time":"2023-09-22T17:52:57+00:00","og_image":[{"width":1080,"height":1080,"url":"https:\/\/copiamais.com\/lojaonline\/wp-content\/uploads\/2023\/09\/2-garrafas-modelo11.3.jpg?v=1695405589","type":"image\/jpeg"}],"twitter_card":"summary_large_image","twitter_misc":{"Tempo estimado de leitura":"1 minuto"},"schema":{"@context":"https:\/\/schema.org","@graph":[{"@type":"WebPage","@id":"https:\/\/copiamais.com\/lojaonline\/produto\/caixa-de-vinho-2-garrafas-de-vinho-personalizadas-madrinha\/","url":"https:\/\/copiamais.com\/lojaonline\/produto\/caixa-de-vinho-2-garrafas-de-vinho-personalizadas-madrinha\/","name":"Caixa de Vinho + 2 Garrafas de Vinho Personalizadas - Madrinha - C\u00f3pia+ | Loja Online - Presentes Personalizados - Prendas Originais","isPartOf":{"@id":"https:\/\/copiamais.com\/lojaonline\/#website"},"primaryImageOfPage":{"@id":"https:\/\/copiamais.com\/lojaonline\/produto\/caixa-de-vinho-2-garrafas-de-vinho-personalizadas-madrinha\/#primaryimage"},"image":{"@id":"https:\/\/copiamais.com\/lojaonline\/produto\/caixa-de-vinho-2-garrafas-de-vinho-personalizadas-madrinha\/#primaryimage"},"thumbnailUrl":"https:\/\/copiamais.com\/lojaonline\/wp-content\/uploads\/2023\/09\/2-garrafas-modelo11.3.jpg?v=1695405589","datePublished":"2023-09-15T17:32:56+00:00","dateModified":"2023-09-22T17:52:57+00:00","description":"Caixa de Vinho + Garrafas de Vinho Personalizadas - Madrinha","breadcrumb":{"@id":"https:\/\/copiamais.com\/lojaonline\/produto\/caixa-de-vinho-2-garrafas-de-vinho-personalizadas-madrinha\/#breadcrumb"},"inLanguage":"pt-PT","potentialAction":[{"@type":"ReadAction","target":["https:\/\/copiamais.com\/lojaonline\/produto\/caixa-de-vinho-2-garrafas-de-vinho-personalizadas-madrinha\/"]}]},{"@type":"ImageObject","inLanguage":"pt-PT","@id":"https:\/\/copiamais.com\/lojaonline\/produto\/caixa-de-vinho-2-garrafas-de-vinho-personalizadas-madrinha\/#primaryimage","url":"https:\/\/copiamais.com\/lojaonline\/wp-content\/uploads\/2023\/09\/2-garrafas-modelo11.3.jpg?v=1695405589","contentUrl":"https:\/\/copiamais.com\/lojaonline\/wp-content\/uploads\/2023\/09\/2-garrafas-modelo11.3.jpg?v=1695405589","width":1080,"height":1080,"caption":"caixa + 2 garrafas de vinho madrinha mod.11"},{"@type":"BreadcrumbList","@id":"https:\/\/copiamais.com\/lojaonline\/produto\/caixa-de-vinho-2-garrafas-de-vinho-personalizadas-madrinha\/#breadcrumb","itemListElement":[{"@type":"ListItem","position":1,"name":"In\u00edcio","item":"https:\/\/copiamais.com\/lojaonline\/"},{"@type":"ListItem","position":2,"name":"Loja","item":"https:\/\/copiamais.com\/lojaonline\/loja\/"},{"@type":"ListItem","position":3,"name":"Caixa de Vinho + 2 Garrafas de Vinho Personalizadas &#8211; Madrinha"}]},{"@type":"WebSite","@id":"https:\/\/copiamais.com\/lojaonline\/#website","url":"https:\/\/copiamais.com\/lojaonline\/","name":"C\u00f3pia+ | Loja Online - Presentes Personalizados - Prendas Originais","description":"Presentes para namorados, Dia do Pai, Dia da M\u00e3e, Dia dos Av\u00f3s, P\u00e1scoa...","publisher":{"@id":"https:\/\/copiamais.com\/lojaonline\/#organization"},"potentialAction":[{"@type":"SearchAction","target":{"@type":"EntryPoint","urlTemplate":"https:\/\/copiamais.com\/lojaonline\/?s={search_term_string}"},"query-input":{"@type":"PropertyValueSpecification","valueRequired":true,"valueName":"search_term_string"}}],"inLanguage":"pt-PT"},{"@type":"Organization","@id":"https:\/\/copiamais.com\/lojaonline\/#organization","name":"C\u00f3pia+","url":"https:\/\/copiamais.com\/lojaonline\/","logo":{"@type":"ImageObject","inLanguage":"pt-PT","@id":"https:\/\/copiamais.com\/lojaonline\/#\/schema\/logo\/image\/","url":"https:\/\/copiamais.com\/lojaonline\/wp-content\/uploads\/2019\/08\/logo_copia.png","contentUrl":"https:\/\/copiamais.com\/lojaonline\/wp-content\/uploads\/2019\/08\/logo_copia.png","width":150,"height":92,"caption":"C\u00f3pia+"},"image":{"@id":"https:\/\/copiamais.com\/lojaonline\/#\/schema\/logo\/image\/"}}]}},"_links":{"self":[{"href":"https:\/\/copiamais.com\/lojaonline\/wp-json\/wp\/v2\/product\/17873","targetHints":{"allow":["GET"]}}],"collection":[{"href":"https:\/\/copiamais.com\/lojaonline\/wp-json\/wp\/v2\/product"}],"about":[{"href":"https:\/\/copiamais.com\/lojaonline\/wp-json\/wp\/v2\/types\/product"}],"replies":[{"embeddable":true,"href":"https:\/\/copiamais.com\/lojaonline\/wp-json\/wp\/v2\/comments?post=17873"}],"wp:featuredmedia":[{"embeddable":true,"href":"https:\/\/copiamais.com\/lojaonline\/wp-json\/wp\/v2\/media\/18202"}],"wp:attachment":[{"href":"https:\/\/copiamais.com\/lojaonline\/wp-json\/wp\/v2\/media?parent=17873"}],"wp:term":[{"taxonomy":"product_brand","embeddable":true,"href":"https:\/\/copiamais.com\/lojaonline\/wp-json\/wp\/v2\/product_brand?post=17873"},{"taxonomy":"product_cat","embeddable":true,"href":"https:\/\/copiamais.com\/lojaonline\/wp-json\/wp\/v2\/product_cat?post=17873"},{"taxonomy":"product_tag","embeddable":true,"href":"https:\/\/copiamais.com\/lojaonline\/wp-json\/wp\/v2\/product_tag?post=17873"}],"curies":[{"name":"wp","href":"https:\/\/api.w.org\/{rel}","templated":true}]}}