{"id":1868,"date":"2019-09-04T16:39:28","date_gmt":"2019-09-04T16:39:28","guid":{"rendered":"http:\/\/copiamais.com\/lojaonline\/?post_type=product&#038;p=1868"},"modified":"2023-08-08T08:50:32","modified_gmt":"2023-08-08T08:50:32","slug":"tela-canvas-100x150cm","status":"publish","type":"product","link":"https:\/\/copiamais.com\/lojaonline\/produto\/tela-canvas-100x150cm\/","title":{"rendered":"Tela Canvas 100x150cm"},"content":{"rendered":"<p>Ideal para decora\u00e7\u00e3o de interiores.<br \/>\nImpress\u00e3o de qualidade fotogr\u00e1fica com tintas de longa durabilidade EPSON.<br \/>\nAro de madeira com 1,8cm ou 3,5cm de profundidade.<\/p>\n<p>&nbsp;<\/p>\n<blockquote><p><strong>Aten\u00e7\u00e3o:<\/strong><\/p>\n<p><strong>Clique no bot\u00e3o &#8220;Personalizar&#8221; para avan\u00e7ar para a p\u00e1gina de personaliza\u00e7\u00e3o do artigo.<\/strong><\/p>\n<blockquote><p><strong>Aten\u00e7\u00e3o:<\/strong><\/p>\n<p><a href=\"https:\/\/copiamais.com\/lojaonline\/wp-content\/uploads\/2020\/05\/Aviso-marcas-corte-telas.png\"><img fetchpriority=\"high\" decoding=\"async\" class=\"alignnone wp-image-16029 size-full\" src=\"https:\/\/copiamais.com\/lojaonline\/wp-content\/uploads\/2020\/05\/Aviso-marcas-corte-telas.png\" alt=\"\" width=\"500\" height=\"145\" srcset=\"https:\/\/copiamais.com\/lojaonline\/wp-content\/uploads\/2020\/05\/Aviso-marcas-corte-telas.png 500w, https:\/\/copiamais.com\/lojaonline\/wp-content\/uploads\/2020\/05\/Aviso-marcas-corte-telas-300x87.png 300w, https:\/\/copiamais.com\/lojaonline\/wp-content\/uploads\/2020\/05\/Aviso-marcas-corte-telas-350x102.png 350w\" sizes=\"(max-width: 500px) 100vw, 500px\" \/><\/a><\/p><\/blockquote>\n<\/blockquote>\n<blockquote><p>&nbsp;<\/p><\/blockquote>\n<p><em>Se a imagem n\u00e3o tiver qualidade suficiente para o tamanho da tela entraremos em contacto para alertar.<\/em><\/p>\n<p><em>*Pode haver pequenas varia\u00e7\u00f5es de cor da imagem do produto para o produto final devido \u00e0 mudan\u00e7a do modo de cor de RGB para CMYK e devido ao processo de impress\u00e3o.<\/em><\/p>\n<p>&nbsp;<\/p>\n<p>&nbsp;<\/p>\n<p>&nbsp;<\/p>\n","protected":false},"excerpt":{"rendered":"<p>Ideal para decora\u00e7\u00e3o de interiores. Impress\u00e3o de qualidade fotogr\u00e1fica com tintas de longa durabilidade EPSON. Aro de madeira com 1,8cm ou 3,5cm de profundidade. &nbsp; Aten\u00e7\u00e3o: Clique no bot\u00e3o &#8220;Personalizar&#8221; para avan\u00e7ar para a p\u00e1gina de personaliza\u00e7\u00e3o do artigo. Aten\u00e7\u00e3o: &nbsp; Se a imagem n\u00e3o tiver qualidade suficiente para o tamanho da tela entraremos em<\/p>\n","protected":false},"featured_media":16017,"comment_status":"open","ping_status":"closed","template":"","meta":{"_monsterinsights_skip_tracking":false,"_monsterinsights_sitenote_active":false,"_monsterinsights_sitenote_note":"","_monsterinsights_sitenote_category":0},"product_brand":[],"product_cat":[135,66,70],"product_tag":[100,102,216],"class_list":{"0":"post-1868","1":"product","2":"type-product","3":"status-publish","4":"has-post-thumbnail","6":"product_cat-formatospersonalizacaolivre","7":"product_cat-decoracao","8":"product_cat-telas","9":"product_tag-artigos-personalizaveis","10":"product_tag-decoracao-de-casa","11":"product_tag-personalizacao-livre","13":"first","14":"instock","15":"taxable","16":"shipping-taxable","17":"purchasable","18":"product-type-variable"},"yoast_head":"<!-- This site is optimized with the Yoast SEO plugin v25.5 - https:\/\/yoast.com\/wordpress\/plugins\/seo\/ -->\n<title>Tela Canvas 100x150cm - C\u00f3pia+ | Loja Online - Presentes Personalizados - Prendas Originais<\/title>\n<meta name=\"robots\" content=\"index, follow, max-snippet:-1, max-image-preview:large, max-video-preview:-1\" \/>\n<link rel=\"canonical\" href=\"https:\/\/copiamais.com\/lojaonline\/produto\/tela-canvas-100x150cm\/\" \/>\n<meta property=\"og:locale\" content=\"pt_PT\" \/>\n<meta property=\"og:type\" content=\"article\" \/>\n<meta property=\"og:title\" content=\"Tela Canvas 100x150cm - C\u00f3pia+ | Loja Online - Presentes Personalizados - Prendas Originais\" \/>\n<meta property=\"og:description\" content=\"Ideal para decora\u00e7\u00e3o de interiores. Impress\u00e3o de qualidade fotogr\u00e1fica com tintas de longa durabilidade EPSON. Aro de madeira com 1,8cm ou 3,5cm de profundidade. &nbsp; Aten\u00e7\u00e3o: Clique no bot\u00e3o &#8220;Personalizar&#8221; para avan\u00e7ar para a p\u00e1gina de personaliza\u00e7\u00e3o do artigo. Aten\u00e7\u00e3o: &nbsp; Se a imagem n\u00e3o tiver qualidade suficiente para o tamanho da tela entraremos em\" \/>\n<meta property=\"og:url\" content=\"https:\/\/copiamais.com\/lojaonline\/produto\/tela-canvas-100x150cm\/\" \/>\n<meta property=\"og:site_name\" content=\"C\u00f3pia+ | Loja Online - Presentes Personalizados - Prendas Originais\" \/>\n<meta property=\"article:modified_time\" content=\"2023-08-08T08:50:32+00:00\" \/>\n<meta property=\"og:image\" content=\"https:\/\/copiamais.com\/lojaonline\/wp-content\/uploads\/2019\/09\/tela100x150_2.jpg?v=1678906581\" \/>\n\t<meta property=\"og:image:width\" content=\"1500\" \/>\n\t<meta property=\"og:image:height\" content=\"1500\" \/>\n\t<meta property=\"og:image:type\" content=\"image\/jpeg\" \/>\n<meta name=\"twitter:card\" content=\"summary_large_image\" \/>\n<meta name=\"twitter:label1\" content=\"Tempo estimado de leitura\" \/>\n\t<meta name=\"twitter:data1\" content=\"1 minuto\" \/>\n<script type=\"application\/ld+json\" class=\"yoast-schema-graph\">{\"@context\":\"https:\/\/schema.org\",\"@graph\":[{\"@type\":\"WebPage\",\"@id\":\"https:\/\/copiamais.com\/lojaonline\/produto\/tela-canvas-100x150cm\/\",\"url\":\"https:\/\/copiamais.com\/lojaonline\/produto\/tela-canvas-100x150cm\/\",\"name\":\"Tela Canvas 100x150cm - C\u00f3pia+ | Loja Online - Presentes Personalizados - Prendas Originais\",\"isPartOf\":{\"@id\":\"https:\/\/copiamais.com\/lojaonline\/#website\"},\"primaryImageOfPage\":{\"@id\":\"https:\/\/copiamais.com\/lojaonline\/produto\/tela-canvas-100x150cm\/#primaryimage\"},\"image\":{\"@id\":\"https:\/\/copiamais.com\/lojaonline\/produto\/tela-canvas-100x150cm\/#primaryimage\"},\"thumbnailUrl\":\"https:\/\/copiamais.com\/lojaonline\/wp-content\/uploads\/2019\/09\/tela100x150_2.jpg?v=1678906581\",\"datePublished\":\"2019-09-04T16:39:28+00:00\",\"dateModified\":\"2023-08-08T08:50:32+00:00\",\"breadcrumb\":{\"@id\":\"https:\/\/copiamais.com\/lojaonline\/produto\/tela-canvas-100x150cm\/#breadcrumb\"},\"inLanguage\":\"pt-PT\",\"potentialAction\":[{\"@type\":\"ReadAction\",\"target\":[\"https:\/\/copiamais.com\/lojaonline\/produto\/tela-canvas-100x150cm\/\"]}]},{\"@type\":\"ImageObject\",\"inLanguage\":\"pt-PT\",\"@id\":\"https:\/\/copiamais.com\/lojaonline\/produto\/tela-canvas-100x150cm\/#primaryimage\",\"url\":\"https:\/\/copiamais.com\/lojaonline\/wp-content\/uploads\/2019\/09\/tela100x150_2.jpg?v=1678906581\",\"contentUrl\":\"https:\/\/copiamais.com\/lojaonline\/wp-content\/uploads\/2019\/09\/tela100x150_2.jpg?v=1678906581\",\"width\":1500,\"height\":1500,\"caption\":\"tela 100x150\"},{\"@type\":\"BreadcrumbList\",\"@id\":\"https:\/\/copiamais.com\/lojaonline\/produto\/tela-canvas-100x150cm\/#breadcrumb\",\"itemListElement\":[{\"@type\":\"ListItem\",\"position\":1,\"name\":\"In\u00edcio\",\"item\":\"https:\/\/copiamais.com\/lojaonline\/\"},{\"@type\":\"ListItem\",\"position\":2,\"name\":\"Loja\",\"item\":\"https:\/\/copiamais.com\/lojaonline\/loja\/\"},{\"@type\":\"ListItem\",\"position\":3,\"name\":\"Tela Canvas 100x150cm\"}]},{\"@type\":\"WebSite\",\"@id\":\"https:\/\/copiamais.com\/lojaonline\/#website\",\"url\":\"https:\/\/copiamais.com\/lojaonline\/\",\"name\":\"C\u00f3pia+ | Loja Online - Presentes Personalizados - Prendas Originais\",\"description\":\"Presentes para namorados, Dia do Pai, Dia da M\u00e3e, Dia dos Av\u00f3s, P\u00e1scoa...\",\"publisher\":{\"@id\":\"https:\/\/copiamais.com\/lojaonline\/#organization\"},\"potentialAction\":[{\"@type\":\"SearchAction\",\"target\":{\"@type\":\"EntryPoint\",\"urlTemplate\":\"https:\/\/copiamais.com\/lojaonline\/?s={search_term_string}\"},\"query-input\":{\"@type\":\"PropertyValueSpecification\",\"valueRequired\":true,\"valueName\":\"search_term_string\"}}],\"inLanguage\":\"pt-PT\"},{\"@type\":\"Organization\",\"@id\":\"https:\/\/copiamais.com\/lojaonline\/#organization\",\"name\":\"C\u00f3pia+\",\"url\":\"https:\/\/copiamais.com\/lojaonline\/\",\"logo\":{\"@type\":\"ImageObject\",\"inLanguage\":\"pt-PT\",\"@id\":\"https:\/\/copiamais.com\/lojaonline\/#\/schema\/logo\/image\/\",\"url\":\"https:\/\/copiamais.com\/lojaonline\/wp-content\/uploads\/2019\/08\/logo_copia.png\",\"contentUrl\":\"https:\/\/copiamais.com\/lojaonline\/wp-content\/uploads\/2019\/08\/logo_copia.png\",\"width\":150,\"height\":92,\"caption\":\"C\u00f3pia+\"},\"image\":{\"@id\":\"https:\/\/copiamais.com\/lojaonline\/#\/schema\/logo\/image\/\"}}]}<\/script>\n<!-- \/ Yoast SEO plugin. -->","yoast_head_json":{"title":"Tela Canvas 100x150cm - C\u00f3pia+ | Loja Online - Presentes Personalizados - Prendas Originais","robots":{"index":"index","follow":"follow","max-snippet":"max-snippet:-1","max-image-preview":"max-image-preview:large","max-video-preview":"max-video-preview:-1"},"canonical":"https:\/\/copiamais.com\/lojaonline\/produto\/tela-canvas-100x150cm\/","og_locale":"pt_PT","og_type":"article","og_title":"Tela Canvas 100x150cm - C\u00f3pia+ | Loja Online - Presentes Personalizados - Prendas Originais","og_description":"Ideal para decora\u00e7\u00e3o de interiores. Impress\u00e3o de qualidade fotogr\u00e1fica com tintas de longa durabilidade EPSON. Aro de madeira com 1,8cm ou 3,5cm de profundidade. &nbsp; Aten\u00e7\u00e3o: Clique no bot\u00e3o &#8220;Personalizar&#8221; para avan\u00e7ar para a p\u00e1gina de personaliza\u00e7\u00e3o do artigo. Aten\u00e7\u00e3o: &nbsp; Se a imagem n\u00e3o tiver qualidade suficiente para o tamanho da tela entraremos em","og_url":"https:\/\/copiamais.com\/lojaonline\/produto\/tela-canvas-100x150cm\/","og_site_name":"C\u00f3pia+ | Loja Online - Presentes Personalizados - Prendas Originais","article_modified_time":"2023-08-08T08:50:32+00:00","og_image":[{"width":1500,"height":1500,"url":"https:\/\/copiamais.com\/lojaonline\/wp-content\/uploads\/2019\/09\/tela100x150_2.jpg?v=1678906581","type":"image\/jpeg"}],"twitter_card":"summary_large_image","twitter_misc":{"Tempo estimado de leitura":"1 minuto"},"schema":{"@context":"https:\/\/schema.org","@graph":[{"@type":"WebPage","@id":"https:\/\/copiamais.com\/lojaonline\/produto\/tela-canvas-100x150cm\/","url":"https:\/\/copiamais.com\/lojaonline\/produto\/tela-canvas-100x150cm\/","name":"Tela Canvas 100x150cm - C\u00f3pia+ | Loja Online - Presentes Personalizados - Prendas Originais","isPartOf":{"@id":"https:\/\/copiamais.com\/lojaonline\/#website"},"primaryImageOfPage":{"@id":"https:\/\/copiamais.com\/lojaonline\/produto\/tela-canvas-100x150cm\/#primaryimage"},"image":{"@id":"https:\/\/copiamais.com\/lojaonline\/produto\/tela-canvas-100x150cm\/#primaryimage"},"thumbnailUrl":"https:\/\/copiamais.com\/lojaonline\/wp-content\/uploads\/2019\/09\/tela100x150_2.jpg?v=1678906581","datePublished":"2019-09-04T16:39:28+00:00","dateModified":"2023-08-08T08:50:32+00:00","breadcrumb":{"@id":"https:\/\/copiamais.com\/lojaonline\/produto\/tela-canvas-100x150cm\/#breadcrumb"},"inLanguage":"pt-PT","potentialAction":[{"@type":"ReadAction","target":["https:\/\/copiamais.com\/lojaonline\/produto\/tela-canvas-100x150cm\/"]}]},{"@type":"ImageObject","inLanguage":"pt-PT","@id":"https:\/\/copiamais.com\/lojaonline\/produto\/tela-canvas-100x150cm\/#primaryimage","url":"https:\/\/copiamais.com\/lojaonline\/wp-content\/uploads\/2019\/09\/tela100x150_2.jpg?v=1678906581","contentUrl":"https:\/\/copiamais.com\/lojaonline\/wp-content\/uploads\/2019\/09\/tela100x150_2.jpg?v=1678906581","width":1500,"height":1500,"caption":"tela 100x150"},{"@type":"BreadcrumbList","@id":"https:\/\/copiamais.com\/lojaonline\/produto\/tela-canvas-100x150cm\/#breadcrumb","itemListElement":[{"@type":"ListItem","position":1,"name":"In\u00edcio","item":"https:\/\/copiamais.com\/lojaonline\/"},{"@type":"ListItem","position":2,"name":"Loja","item":"https:\/\/copiamais.com\/lojaonline\/loja\/"},{"@type":"ListItem","position":3,"name":"Tela Canvas 100x150cm"}]},{"@type":"WebSite","@id":"https:\/\/copiamais.com\/lojaonline\/#website","url":"https:\/\/copiamais.com\/lojaonline\/","name":"C\u00f3pia+ | Loja Online - Presentes Personalizados - Prendas Originais","description":"Presentes para namorados, Dia do Pai, Dia da M\u00e3e, Dia dos Av\u00f3s, P\u00e1scoa...","publisher":{"@id":"https:\/\/copiamais.com\/lojaonline\/#organization"},"potentialAction":[{"@type":"SearchAction","target":{"@type":"EntryPoint","urlTemplate":"https:\/\/copiamais.com\/lojaonline\/?s={search_term_string}"},"query-input":{"@type":"PropertyValueSpecification","valueRequired":true,"valueName":"search_term_string"}}],"inLanguage":"pt-PT"},{"@type":"Organization","@id":"https:\/\/copiamais.com\/lojaonline\/#organization","name":"C\u00f3pia+","url":"https:\/\/copiamais.com\/lojaonline\/","logo":{"@type":"ImageObject","inLanguage":"pt-PT","@id":"https:\/\/copiamais.com\/lojaonline\/#\/schema\/logo\/image\/","url":"https:\/\/copiamais.com\/lojaonline\/wp-content\/uploads\/2019\/08\/logo_copia.png","contentUrl":"https:\/\/copiamais.com\/lojaonline\/wp-content\/uploads\/2019\/08\/logo_copia.png","width":150,"height":92,"caption":"C\u00f3pia+"},"image":{"@id":"https:\/\/copiamais.com\/lojaonline\/#\/schema\/logo\/image\/"}}]}},"_links":{"self":[{"href":"https:\/\/copiamais.com\/lojaonline\/wp-json\/wp\/v2\/product\/1868","targetHints":{"allow":["GET"]}}],"collection":[{"href":"https:\/\/copiamais.com\/lojaonline\/wp-json\/wp\/v2\/product"}],"about":[{"href":"https:\/\/copiamais.com\/lojaonline\/wp-json\/wp\/v2\/types\/product"}],"replies":[{"embeddable":true,"href":"https:\/\/copiamais.com\/lojaonline\/wp-json\/wp\/v2\/comments?post=1868"}],"wp:featuredmedia":[{"embeddable":true,"href":"https:\/\/copiamais.com\/lojaonline\/wp-json\/wp\/v2\/media\/16017"}],"wp:attachment":[{"href":"https:\/\/copiamais.com\/lojaonline\/wp-json\/wp\/v2\/media?parent=1868"}],"wp:term":[{"taxonomy":"product_brand","embeddable":true,"href":"https:\/\/copiamais.com\/lojaonline\/wp-json\/wp\/v2\/product_brand?post=1868"},{"taxonomy":"product_cat","embeddable":true,"href":"https:\/\/copiamais.com\/lojaonline\/wp-json\/wp\/v2\/product_cat?post=1868"},{"taxonomy":"product_tag","embeddable":true,"href":"https:\/\/copiamais.com\/lojaonline\/wp-json\/wp\/v2\/product_tag?post=1868"}],"curies":[{"name":"wp","href":"https:\/\/api.w.org\/{rel}","templated":true}]}}