{"id":3027,"date":"2019-09-13T13:06:25","date_gmt":"2019-09-13T13:06:25","guid":{"rendered":"http:\/\/copiamais.com\/lojaonline\/?post_type=product&#038;p=3027"},"modified":"2023-03-27T17:35:40","modified_gmt":"2023-03-27T17:35:40","slug":"mealheiro-para-realizar-os-meus-sonhos-menina-mod-2","status":"publish","type":"product","link":"https:\/\/copiamais.com\/lojaonline\/produto\/mealheiro-para-realizar-os-meus-sonhos-menina-mod-2\/","title":{"rendered":"Mealheiro Cer\u00e2mico &#8211; Para realizar os meus sonhos (menina)"},"content":{"rendered":"<p>Mealheiro com tampa de borracha.<\/p>\n<p>Tamanho aproximado do mealheiro: 9cm de altura por 8cm de di\u00e2metro.<\/p>\n<p>&nbsp;<\/p>\n<blockquote><p><strong>Aten\u00e7\u00e3o!<\/strong><br \/>\n<strong>Introduza na respetiva caixa o nome da menina a colocar no mealheiro.<\/strong><\/p>\n<p>&nbsp;<\/p>\n<p><em>*Imagem meramente ilustrativa.<\/em><br \/>\n<em>Pode haver pequenas varia\u00e7\u00f5es de cor da imagem do produto para o produto final devido \u00e0 mudan\u00e7a do modo de cor de RGB para CMYK.<\/em><\/p><\/blockquote>\n","protected":false},"excerpt":{"rendered":"<p>Mealheiro com tampa de borracha. Tamanho aproximado do mealheiro: 9cm de altura por 8cm de di\u00e2metro. &nbsp; Aten\u00e7\u00e3o! Introduza na respetiva caixa o nome da menina a colocar no mealheiro. &nbsp; *Imagem meramente ilustrativa. Pode haver pequenas varia\u00e7\u00f5es de cor da imagem do produto para o produto final devido \u00e0 mudan\u00e7a do modo de cor<\/p>\n","protected":false},"featured_media":3034,"comment_status":"open","ping_status":"closed","template":"","meta":{"_monsterinsights_skip_tracking":false,"_monsterinsights_sitenote_active":false,"_monsterinsights_sitenote_note":"","_monsterinsights_sitenote_category":0},"product_brand":[],"product_cat":[157,75,77],"product_tag":[94],"class_list":{"0":"post-3027","1":"product","2":"type-product","3":"status-publish","4":"has-post-thumbnail","6":"product_cat-mealheiroceramico","7":"product_cat-utensilios","8":"product_cat-mealheiros","9":"product_tag-crianca","11":"first","12":"instock","13":"featured","14":"taxable","15":"shipping-taxable","16":"purchasable","17":"product-type-simple"},"yoast_head":"<!-- This site is optimized with the Yoast SEO plugin v25.5 - https:\/\/yoast.com\/wordpress\/plugins\/seo\/ -->\n<title>Mealheiro Cer\u00e2mico - Para realizar os meus sonhos (menina) - C\u00f3pia+ | Loja Online - Presentes Personalizados - Prendas Originais<\/title>\n<meta name=\"robots\" content=\"index, follow, max-snippet:-1, max-image-preview:large, max-video-preview:-1\" \/>\n<link rel=\"canonical\" href=\"https:\/\/copiamais.com\/lojaonline\/produto\/mealheiro-para-realizar-os-meus-sonhos-menina-mod-2\/\" \/>\n<meta property=\"og:locale\" content=\"pt_PT\" \/>\n<meta property=\"og:type\" content=\"article\" \/>\n<meta property=\"og:title\" content=\"Mealheiro Cer\u00e2mico - Para realizar os meus sonhos (menina) - C\u00f3pia+ | Loja Online - Presentes Personalizados - Prendas Originais\" \/>\n<meta property=\"og:description\" content=\"Mealheiro com tampa de borracha. Tamanho aproximado do mealheiro: 9cm de altura por 8cm de di\u00e2metro. &nbsp; Aten\u00e7\u00e3o! Introduza na respetiva caixa o nome da menina a colocar no mealheiro. &nbsp; *Imagem meramente ilustrativa. Pode haver pequenas varia\u00e7\u00f5es de cor da imagem do produto para o produto final devido \u00e0 mudan\u00e7a do modo de cor\" \/>\n<meta property=\"og:url\" content=\"https:\/\/copiamais.com\/lojaonline\/produto\/mealheiro-para-realizar-os-meus-sonhos-menina-mod-2\/\" \/>\n<meta property=\"og:site_name\" content=\"C\u00f3pia+ | Loja Online - Presentes Personalizados - Prendas Originais\" \/>\n<meta property=\"article:modified_time\" content=\"2023-03-27T17:35:40+00:00\" \/>\n<meta property=\"og:image\" content=\"https:\/\/copiamais.com\/lojaonline\/wp-content\/uploads\/2019\/09\/mealheiro2_2.jpg?v=1672931469\" \/>\n\t<meta property=\"og:image:width\" content=\"1276\" \/>\n\t<meta property=\"og:image:height\" content=\"1276\" \/>\n\t<meta property=\"og:image:type\" content=\"image\/jpeg\" \/>\n<meta name=\"twitter:card\" content=\"summary_large_image\" \/>\n<script type=\"application\/ld+json\" class=\"yoast-schema-graph\">{\"@context\":\"https:\/\/schema.org\",\"@graph\":[{\"@type\":\"WebPage\",\"@id\":\"https:\/\/copiamais.com\/lojaonline\/produto\/mealheiro-para-realizar-os-meus-sonhos-menina-mod-2\/\",\"url\":\"https:\/\/copiamais.com\/lojaonline\/produto\/mealheiro-para-realizar-os-meus-sonhos-menina-mod-2\/\",\"name\":\"Mealheiro Cer\u00e2mico - Para realizar os meus sonhos (menina) - C\u00f3pia+ | Loja Online - Presentes Personalizados - Prendas Originais\",\"isPartOf\":{\"@id\":\"https:\/\/copiamais.com\/lojaonline\/#website\"},\"primaryImageOfPage\":{\"@id\":\"https:\/\/copiamais.com\/lojaonline\/produto\/mealheiro-para-realizar-os-meus-sonhos-menina-mod-2\/#primaryimage\"},\"image\":{\"@id\":\"https:\/\/copiamais.com\/lojaonline\/produto\/mealheiro-para-realizar-os-meus-sonhos-menina-mod-2\/#primaryimage\"},\"thumbnailUrl\":\"https:\/\/copiamais.com\/lojaonline\/wp-content\/uploads\/2019\/09\/mealheiro2_2.jpg?v=1672931469\",\"datePublished\":\"2019-09-13T13:06:25+00:00\",\"dateModified\":\"2023-03-27T17:35:40+00:00\",\"breadcrumb\":{\"@id\":\"https:\/\/copiamais.com\/lojaonline\/produto\/mealheiro-para-realizar-os-meus-sonhos-menina-mod-2\/#breadcrumb\"},\"inLanguage\":\"pt-PT\",\"potentialAction\":[{\"@type\":\"ReadAction\",\"target\":[\"https:\/\/copiamais.com\/lojaonline\/produto\/mealheiro-para-realizar-os-meus-sonhos-menina-mod-2\/\"]}]},{\"@type\":\"ImageObject\",\"inLanguage\":\"pt-PT\",\"@id\":\"https:\/\/copiamais.com\/lojaonline\/produto\/mealheiro-para-realizar-os-meus-sonhos-menina-mod-2\/#primaryimage\",\"url\":\"https:\/\/copiamais.com\/lojaonline\/wp-content\/uploads\/2019\/09\/mealheiro2_2.jpg?v=1672931469\",\"contentUrl\":\"https:\/\/copiamais.com\/lojaonline\/wp-content\/uploads\/2019\/09\/mealheiro2_2.jpg?v=1672931469\",\"width\":1276,\"height\":1276,\"caption\":\"mealheiro c\u00f3pia+ mod2.2\"},{\"@type\":\"BreadcrumbList\",\"@id\":\"https:\/\/copiamais.com\/lojaonline\/produto\/mealheiro-para-realizar-os-meus-sonhos-menina-mod-2\/#breadcrumb\",\"itemListElement\":[{\"@type\":\"ListItem\",\"position\":1,\"name\":\"In\u00edcio\",\"item\":\"https:\/\/copiamais.com\/lojaonline\/\"},{\"@type\":\"ListItem\",\"position\":2,\"name\":\"Loja\",\"item\":\"https:\/\/copiamais.com\/lojaonline\/loja\/\"},{\"@type\":\"ListItem\",\"position\":3,\"name\":\"Mealheiro Cer\u00e2mico &#8211; Para realizar os meus sonhos (menina)\"}]},{\"@type\":\"WebSite\",\"@id\":\"https:\/\/copiamais.com\/lojaonline\/#website\",\"url\":\"https:\/\/copiamais.com\/lojaonline\/\",\"name\":\"C\u00f3pia+ | Loja Online - Presentes Personalizados - Prendas Originais\",\"description\":\"Presentes para namorados, Dia do Pai, Dia da M\u00e3e, Dia dos Av\u00f3s, P\u00e1scoa...\",\"publisher\":{\"@id\":\"https:\/\/copiamais.com\/lojaonline\/#organization\"},\"potentialAction\":[{\"@type\":\"SearchAction\",\"target\":{\"@type\":\"EntryPoint\",\"urlTemplate\":\"https:\/\/copiamais.com\/lojaonline\/?s={search_term_string}\"},\"query-input\":{\"@type\":\"PropertyValueSpecification\",\"valueRequired\":true,\"valueName\":\"search_term_string\"}}],\"inLanguage\":\"pt-PT\"},{\"@type\":\"Organization\",\"@id\":\"https:\/\/copiamais.com\/lojaonline\/#organization\",\"name\":\"C\u00f3pia+\",\"url\":\"https:\/\/copiamais.com\/lojaonline\/\",\"logo\":{\"@type\":\"ImageObject\",\"inLanguage\":\"pt-PT\",\"@id\":\"https:\/\/copiamais.com\/lojaonline\/#\/schema\/logo\/image\/\",\"url\":\"https:\/\/copiamais.com\/lojaonline\/wp-content\/uploads\/2019\/08\/logo_copia.png\",\"contentUrl\":\"https:\/\/copiamais.com\/lojaonline\/wp-content\/uploads\/2019\/08\/logo_copia.png\",\"width\":150,\"height\":92,\"caption\":\"C\u00f3pia+\"},\"image\":{\"@id\":\"https:\/\/copiamais.com\/lojaonline\/#\/schema\/logo\/image\/\"}}]}<\/script>\n<!-- \/ Yoast SEO plugin. -->","yoast_head_json":{"title":"Mealheiro Cer\u00e2mico - Para realizar os meus sonhos (menina) - C\u00f3pia+ | Loja Online - Presentes Personalizados - Prendas Originais","robots":{"index":"index","follow":"follow","max-snippet":"max-snippet:-1","max-image-preview":"max-image-preview:large","max-video-preview":"max-video-preview:-1"},"canonical":"https:\/\/copiamais.com\/lojaonline\/produto\/mealheiro-para-realizar-os-meus-sonhos-menina-mod-2\/","og_locale":"pt_PT","og_type":"article","og_title":"Mealheiro Cer\u00e2mico - Para realizar os meus sonhos (menina) - C\u00f3pia+ | Loja Online - Presentes Personalizados - Prendas Originais","og_description":"Mealheiro com tampa de borracha. Tamanho aproximado do mealheiro: 9cm de altura por 8cm de di\u00e2metro. &nbsp; Aten\u00e7\u00e3o! Introduza na respetiva caixa o nome da menina a colocar no mealheiro. &nbsp; *Imagem meramente ilustrativa. Pode haver pequenas varia\u00e7\u00f5es de cor da imagem do produto para o produto final devido \u00e0 mudan\u00e7a do modo de cor","og_url":"https:\/\/copiamais.com\/lojaonline\/produto\/mealheiro-para-realizar-os-meus-sonhos-menina-mod-2\/","og_site_name":"C\u00f3pia+ | Loja Online - Presentes Personalizados - Prendas Originais","article_modified_time":"2023-03-27T17:35:40+00:00","og_image":[{"width":1276,"height":1276,"url":"https:\/\/copiamais.com\/lojaonline\/wp-content\/uploads\/2019\/09\/mealheiro2_2.jpg?v=1672931469","type":"image\/jpeg"}],"twitter_card":"summary_large_image","schema":{"@context":"https:\/\/schema.org","@graph":[{"@type":"WebPage","@id":"https:\/\/copiamais.com\/lojaonline\/produto\/mealheiro-para-realizar-os-meus-sonhos-menina-mod-2\/","url":"https:\/\/copiamais.com\/lojaonline\/produto\/mealheiro-para-realizar-os-meus-sonhos-menina-mod-2\/","name":"Mealheiro Cer\u00e2mico - Para realizar os meus sonhos (menina) - C\u00f3pia+ | Loja Online - Presentes Personalizados - Prendas Originais","isPartOf":{"@id":"https:\/\/copiamais.com\/lojaonline\/#website"},"primaryImageOfPage":{"@id":"https:\/\/copiamais.com\/lojaonline\/produto\/mealheiro-para-realizar-os-meus-sonhos-menina-mod-2\/#primaryimage"},"image":{"@id":"https:\/\/copiamais.com\/lojaonline\/produto\/mealheiro-para-realizar-os-meus-sonhos-menina-mod-2\/#primaryimage"},"thumbnailUrl":"https:\/\/copiamais.com\/lojaonline\/wp-content\/uploads\/2019\/09\/mealheiro2_2.jpg?v=1672931469","datePublished":"2019-09-13T13:06:25+00:00","dateModified":"2023-03-27T17:35:40+00:00","breadcrumb":{"@id":"https:\/\/copiamais.com\/lojaonline\/produto\/mealheiro-para-realizar-os-meus-sonhos-menina-mod-2\/#breadcrumb"},"inLanguage":"pt-PT","potentialAction":[{"@type":"ReadAction","target":["https:\/\/copiamais.com\/lojaonline\/produto\/mealheiro-para-realizar-os-meus-sonhos-menina-mod-2\/"]}]},{"@type":"ImageObject","inLanguage":"pt-PT","@id":"https:\/\/copiamais.com\/lojaonline\/produto\/mealheiro-para-realizar-os-meus-sonhos-menina-mod-2\/#primaryimage","url":"https:\/\/copiamais.com\/lojaonline\/wp-content\/uploads\/2019\/09\/mealheiro2_2.jpg?v=1672931469","contentUrl":"https:\/\/copiamais.com\/lojaonline\/wp-content\/uploads\/2019\/09\/mealheiro2_2.jpg?v=1672931469","width":1276,"height":1276,"caption":"mealheiro c\u00f3pia+ mod2.2"},{"@type":"BreadcrumbList","@id":"https:\/\/copiamais.com\/lojaonline\/produto\/mealheiro-para-realizar-os-meus-sonhos-menina-mod-2\/#breadcrumb","itemListElement":[{"@type":"ListItem","position":1,"name":"In\u00edcio","item":"https:\/\/copiamais.com\/lojaonline\/"},{"@type":"ListItem","position":2,"name":"Loja","item":"https:\/\/copiamais.com\/lojaonline\/loja\/"},{"@type":"ListItem","position":3,"name":"Mealheiro Cer\u00e2mico &#8211; Para realizar os meus sonhos (menina)"}]},{"@type":"WebSite","@id":"https:\/\/copiamais.com\/lojaonline\/#website","url":"https:\/\/copiamais.com\/lojaonline\/","name":"C\u00f3pia+ | Loja Online - Presentes Personalizados - Prendas Originais","description":"Presentes para namorados, Dia do Pai, Dia da M\u00e3e, Dia dos Av\u00f3s, P\u00e1scoa...","publisher":{"@id":"https:\/\/copiamais.com\/lojaonline\/#organization"},"potentialAction":[{"@type":"SearchAction","target":{"@type":"EntryPoint","urlTemplate":"https:\/\/copiamais.com\/lojaonline\/?s={search_term_string}"},"query-input":{"@type":"PropertyValueSpecification","valueRequired":true,"valueName":"search_term_string"}}],"inLanguage":"pt-PT"},{"@type":"Organization","@id":"https:\/\/copiamais.com\/lojaonline\/#organization","name":"C\u00f3pia+","url":"https:\/\/copiamais.com\/lojaonline\/","logo":{"@type":"ImageObject","inLanguage":"pt-PT","@id":"https:\/\/copiamais.com\/lojaonline\/#\/schema\/logo\/image\/","url":"https:\/\/copiamais.com\/lojaonline\/wp-content\/uploads\/2019\/08\/logo_copia.png","contentUrl":"https:\/\/copiamais.com\/lojaonline\/wp-content\/uploads\/2019\/08\/logo_copia.png","width":150,"height":92,"caption":"C\u00f3pia+"},"image":{"@id":"https:\/\/copiamais.com\/lojaonline\/#\/schema\/logo\/image\/"}}]}},"_links":{"self":[{"href":"https:\/\/copiamais.com\/lojaonline\/wp-json\/wp\/v2\/product\/3027","targetHints":{"allow":["GET"]}}],"collection":[{"href":"https:\/\/copiamais.com\/lojaonline\/wp-json\/wp\/v2\/product"}],"about":[{"href":"https:\/\/copiamais.com\/lojaonline\/wp-json\/wp\/v2\/types\/product"}],"replies":[{"embeddable":true,"href":"https:\/\/copiamais.com\/lojaonline\/wp-json\/wp\/v2\/comments?post=3027"}],"wp:featuredmedia":[{"embeddable":true,"href":"https:\/\/copiamais.com\/lojaonline\/wp-json\/wp\/v2\/media\/3034"}],"wp:attachment":[{"href":"https:\/\/copiamais.com\/lojaonline\/wp-json\/wp\/v2\/media?parent=3027"}],"wp:term":[{"taxonomy":"product_brand","embeddable":true,"href":"https:\/\/copiamais.com\/lojaonline\/wp-json\/wp\/v2\/product_brand?post=3027"},{"taxonomy":"product_cat","embeddable":true,"href":"https:\/\/copiamais.com\/lojaonline\/wp-json\/wp\/v2\/product_cat?post=3027"},{"taxonomy":"product_tag","embeddable":true,"href":"https:\/\/copiamais.com\/lojaonline\/wp-json\/wp\/v2\/product_tag?post=3027"}],"curies":[{"name":"wp","href":"https:\/\/api.w.org\/{rel}","templated":true}]}}