{"id":8430,"date":"2020-06-26T18:06:41","date_gmt":"2020-06-26T18:06:41","guid":{"rendered":"http:\/\/copiamais.com\/lojaonline\/?post_type=product&#038;p=8430"},"modified":"2023-03-27T13:48:16","modified_gmt":"2023-03-27T13:48:16","slug":"conjunto-3-telas-canvas-casamento-mod-15","status":"publish","type":"product","link":"https:\/\/copiamais.com\/lojaonline\/produto\/conjunto-3-telas-canvas-casamento-mod-15\/","title":{"rendered":"Conjunto 3 Telas Canvas &#8211; Casamento"},"content":{"rendered":"<p>Conjunto de 3 Telas com 40x40cm ou 60x60cm cada uma.<\/p>\n<p>Ideal para decora\u00e7\u00e3o de interiores.<br \/>\nImpress\u00e3o de qualidade fotogr\u00e1fica com tintas de longa durabilidade EPSON.<br \/>\nAro de madeira com 1,8cm ou 3,5cm de profundidade, sem impress\u00e3o nas bordas laterais.<\/p>\n<p>&nbsp;<\/p>\n<p>&nbsp;<\/p>\n<blockquote>\n<blockquote><p><strong>Aten\u00e7\u00e3o!<\/strong><br \/>\n<strong>Carregue as 2 fotografias a colocar nas telas canvas, no espa\u00e7o acima destinado a esse fim.<\/strong><br \/>\n<strong>Introduza o as iniciais dos nomes dos noivos.<\/strong><br \/>\n<strong>Introduza a data do casamento.<\/strong><\/p>\n<p>Enviaremos uma maqueta para aprova\u00e7\u00e3o por email antes de avan\u00e7ar com a produ\u00e7\u00e3o.<\/p><\/blockquote>\n<\/blockquote>\n<p>&nbsp;<\/p>\n<p>&nbsp;<\/p>\n<p><em>*Imagem meramente ilustrativa.<\/em><br \/>\n<em>Pode haver pequenas varia\u00e7\u00f5es de cor da imagem do produto para o produto final devido \u00e0 mudan\u00e7a do modo de cor de RGB para CMYK.<\/em><\/p>\n<p>&nbsp;<\/p>\n","protected":false},"excerpt":{"rendered":"<p>Conjunto de 3 Telas com 40x40cm ou 60x60cm cada uma. Ideal para decora\u00e7\u00e3o de interiores. Impress\u00e3o de qualidade fotogr\u00e1fica com tintas de longa durabilidade EPSON. Aro de madeira com 1,8cm ou 3,5cm de profundidade, sem impress\u00e3o nas bordas laterais. &nbsp; &nbsp; Aten\u00e7\u00e3o! Carregue as 2 fotografias a colocar nas telas canvas, no espa\u00e7o acima destinado<\/p>\n","protected":false},"featured_media":8435,"comment_status":"open","ping_status":"closed","template":"","meta":{"_monsterinsights_skip_tracking":false,"_monsterinsights_sitenote_active":false,"_monsterinsights_sitenote_note":"","_monsterinsights_sitenote_category":0},"product_brand":[],"product_cat":[134,66,70],"product_tag":[100,115,96,102],"class_list":{"0":"post-8430","1":"product","2":"type-product","3":"status-publish","4":"has-post-thumbnail","6":"product_cat-modelosprecriados","7":"product_cat-decoracao","8":"product_cat-telas","9":"product_tag-artigos-personalizaveis","10":"product_tag-casais","11":"product_tag-casamento","12":"product_tag-decoracao-de-casa","14":"first","15":"instock","16":"taxable","17":"shipping-taxable","18":"purchasable","19":"product-type-variable"},"yoast_head":"<!-- This site is optimized with the Yoast SEO plugin v25.5 - https:\/\/yoast.com\/wordpress\/plugins\/seo\/ -->\n<title>Conjunto 3 Telas Canvas - Casamento - C\u00f3pia+ | Loja Online - Presentes Personalizados - Prendas Originais<\/title>\n<meta name=\"description\" content=\"Conjunto 3 Telas Canvas - Casamento mod.15\" \/>\n<meta name=\"robots\" content=\"index, follow, max-snippet:-1, max-image-preview:large, max-video-preview:-1\" \/>\n<link rel=\"canonical\" href=\"https:\/\/copiamais.com\/lojaonline\/produto\/conjunto-3-telas-canvas-casamento-mod-15\/\" \/>\n<meta property=\"og:locale\" content=\"pt_PT\" \/>\n<meta property=\"og:type\" content=\"article\" \/>\n<meta property=\"og:title\" content=\"Conjunto 3 Telas Canvas - Casamento - C\u00f3pia+ | Loja Online - Presentes Personalizados - Prendas Originais\" \/>\n<meta property=\"og:description\" content=\"Conjunto 3 Telas Canvas - Casamento mod.15\" \/>\n<meta property=\"og:url\" content=\"https:\/\/copiamais.com\/lojaonline\/produto\/conjunto-3-telas-canvas-casamento-mod-15\/\" \/>\n<meta property=\"og:site_name\" content=\"C\u00f3pia+ | Loja Online - Presentes Personalizados - Prendas Originais\" \/>\n<meta property=\"article:modified_time\" content=\"2023-03-27T13:48:16+00:00\" \/>\n<meta property=\"og:image\" content=\"https:\/\/copiamais.com\/lojaonline\/wp-content\/uploads\/2020\/06\/Tela_15_40x40_x3.jpeg?v=1604585639\" \/>\n\t<meta property=\"og:image:width\" content=\"1500\" \/>\n\t<meta property=\"og:image:height\" content=\"1500\" \/>\n\t<meta property=\"og:image:type\" content=\"image\/jpeg\" \/>\n<meta name=\"twitter:card\" content=\"summary_large_image\" \/>\n<meta name=\"twitter:label1\" content=\"Tempo estimado de leitura\" \/>\n\t<meta name=\"twitter:data1\" content=\"1 minuto\" \/>\n<script type=\"application\/ld+json\" class=\"yoast-schema-graph\">{\"@context\":\"https:\/\/schema.org\",\"@graph\":[{\"@type\":\"WebPage\",\"@id\":\"https:\/\/copiamais.com\/lojaonline\/produto\/conjunto-3-telas-canvas-casamento-mod-15\/\",\"url\":\"https:\/\/copiamais.com\/lojaonline\/produto\/conjunto-3-telas-canvas-casamento-mod-15\/\",\"name\":\"Conjunto 3 Telas Canvas - Casamento - C\u00f3pia+ | Loja Online - Presentes Personalizados - Prendas Originais\",\"isPartOf\":{\"@id\":\"https:\/\/copiamais.com\/lojaonline\/#website\"},\"primaryImageOfPage\":{\"@id\":\"https:\/\/copiamais.com\/lojaonline\/produto\/conjunto-3-telas-canvas-casamento-mod-15\/#primaryimage\"},\"image\":{\"@id\":\"https:\/\/copiamais.com\/lojaonline\/produto\/conjunto-3-telas-canvas-casamento-mod-15\/#primaryimage\"},\"thumbnailUrl\":\"https:\/\/copiamais.com\/lojaonline\/wp-content\/uploads\/2020\/06\/Tela_15_40x40_x3.jpeg?v=1604585639\",\"datePublished\":\"2020-06-26T18:06:41+00:00\",\"dateModified\":\"2023-03-27T13:48:16+00:00\",\"description\":\"Conjunto 3 Telas Canvas - Casamento mod.15\",\"breadcrumb\":{\"@id\":\"https:\/\/copiamais.com\/lojaonline\/produto\/conjunto-3-telas-canvas-casamento-mod-15\/#breadcrumb\"},\"inLanguage\":\"pt-PT\",\"potentialAction\":[{\"@type\":\"ReadAction\",\"target\":[\"https:\/\/copiamais.com\/lojaonline\/produto\/conjunto-3-telas-canvas-casamento-mod-15\/\"]}]},{\"@type\":\"ImageObject\",\"inLanguage\":\"pt-PT\",\"@id\":\"https:\/\/copiamais.com\/lojaonline\/produto\/conjunto-3-telas-canvas-casamento-mod-15\/#primaryimage\",\"url\":\"https:\/\/copiamais.com\/lojaonline\/wp-content\/uploads\/2020\/06\/Tela_15_40x40_x3.jpeg?v=1604585639\",\"contentUrl\":\"https:\/\/copiamais.com\/lojaonline\/wp-content\/uploads\/2020\/06\/Tela_15_40x40_x3.jpeg?v=1604585639\",\"width\":1500,\"height\":1500},{\"@type\":\"BreadcrumbList\",\"@id\":\"https:\/\/copiamais.com\/lojaonline\/produto\/conjunto-3-telas-canvas-casamento-mod-15\/#breadcrumb\",\"itemListElement\":[{\"@type\":\"ListItem\",\"position\":1,\"name\":\"In\u00edcio\",\"item\":\"https:\/\/copiamais.com\/lojaonline\/\"},{\"@type\":\"ListItem\",\"position\":2,\"name\":\"Loja\",\"item\":\"https:\/\/copiamais.com\/lojaonline\/loja\/\"},{\"@type\":\"ListItem\",\"position\":3,\"name\":\"Conjunto 3 Telas Canvas &#8211; Casamento\"}]},{\"@type\":\"WebSite\",\"@id\":\"https:\/\/copiamais.com\/lojaonline\/#website\",\"url\":\"https:\/\/copiamais.com\/lojaonline\/\",\"name\":\"C\u00f3pia+ | Loja Online - Presentes Personalizados - Prendas Originais\",\"description\":\"Presentes para namorados, Dia do Pai, Dia da M\u00e3e, Dia dos Av\u00f3s, P\u00e1scoa...\",\"publisher\":{\"@id\":\"https:\/\/copiamais.com\/lojaonline\/#organization\"},\"potentialAction\":[{\"@type\":\"SearchAction\",\"target\":{\"@type\":\"EntryPoint\",\"urlTemplate\":\"https:\/\/copiamais.com\/lojaonline\/?s={search_term_string}\"},\"query-input\":{\"@type\":\"PropertyValueSpecification\",\"valueRequired\":true,\"valueName\":\"search_term_string\"}}],\"inLanguage\":\"pt-PT\"},{\"@type\":\"Organization\",\"@id\":\"https:\/\/copiamais.com\/lojaonline\/#organization\",\"name\":\"C\u00f3pia+\",\"url\":\"https:\/\/copiamais.com\/lojaonline\/\",\"logo\":{\"@type\":\"ImageObject\",\"inLanguage\":\"pt-PT\",\"@id\":\"https:\/\/copiamais.com\/lojaonline\/#\/schema\/logo\/image\/\",\"url\":\"https:\/\/copiamais.com\/lojaonline\/wp-content\/uploads\/2019\/08\/logo_copia.png\",\"contentUrl\":\"https:\/\/copiamais.com\/lojaonline\/wp-content\/uploads\/2019\/08\/logo_copia.png\",\"width\":150,\"height\":92,\"caption\":\"C\u00f3pia+\"},\"image\":{\"@id\":\"https:\/\/copiamais.com\/lojaonline\/#\/schema\/logo\/image\/\"}}]}<\/script>\n<!-- \/ Yoast SEO plugin. -->","yoast_head_json":{"title":"Conjunto 3 Telas Canvas - Casamento - C\u00f3pia+ | Loja Online - Presentes Personalizados - Prendas Originais","description":"Conjunto 3 Telas Canvas - Casamento mod.15","robots":{"index":"index","follow":"follow","max-snippet":"max-snippet:-1","max-image-preview":"max-image-preview:large","max-video-preview":"max-video-preview:-1"},"canonical":"https:\/\/copiamais.com\/lojaonline\/produto\/conjunto-3-telas-canvas-casamento-mod-15\/","og_locale":"pt_PT","og_type":"article","og_title":"Conjunto 3 Telas Canvas - Casamento - C\u00f3pia+ | Loja Online - Presentes Personalizados - Prendas Originais","og_description":"Conjunto 3 Telas Canvas - Casamento mod.15","og_url":"https:\/\/copiamais.com\/lojaonline\/produto\/conjunto-3-telas-canvas-casamento-mod-15\/","og_site_name":"C\u00f3pia+ | Loja Online - Presentes Personalizados - Prendas Originais","article_modified_time":"2023-03-27T13:48:16+00:00","og_image":[{"width":1500,"height":1500,"url":"https:\/\/copiamais.com\/lojaonline\/wp-content\/uploads\/2020\/06\/Tela_15_40x40_x3.jpeg?v=1604585639","type":"image\/jpeg"}],"twitter_card":"summary_large_image","twitter_misc":{"Tempo estimado de leitura":"1 minuto"},"schema":{"@context":"https:\/\/schema.org","@graph":[{"@type":"WebPage","@id":"https:\/\/copiamais.com\/lojaonline\/produto\/conjunto-3-telas-canvas-casamento-mod-15\/","url":"https:\/\/copiamais.com\/lojaonline\/produto\/conjunto-3-telas-canvas-casamento-mod-15\/","name":"Conjunto 3 Telas Canvas - Casamento - C\u00f3pia+ | Loja Online - Presentes Personalizados - Prendas Originais","isPartOf":{"@id":"https:\/\/copiamais.com\/lojaonline\/#website"},"primaryImageOfPage":{"@id":"https:\/\/copiamais.com\/lojaonline\/produto\/conjunto-3-telas-canvas-casamento-mod-15\/#primaryimage"},"image":{"@id":"https:\/\/copiamais.com\/lojaonline\/produto\/conjunto-3-telas-canvas-casamento-mod-15\/#primaryimage"},"thumbnailUrl":"https:\/\/copiamais.com\/lojaonline\/wp-content\/uploads\/2020\/06\/Tela_15_40x40_x3.jpeg?v=1604585639","datePublished":"2020-06-26T18:06:41+00:00","dateModified":"2023-03-27T13:48:16+00:00","description":"Conjunto 3 Telas Canvas - Casamento mod.15","breadcrumb":{"@id":"https:\/\/copiamais.com\/lojaonline\/produto\/conjunto-3-telas-canvas-casamento-mod-15\/#breadcrumb"},"inLanguage":"pt-PT","potentialAction":[{"@type":"ReadAction","target":["https:\/\/copiamais.com\/lojaonline\/produto\/conjunto-3-telas-canvas-casamento-mod-15\/"]}]},{"@type":"ImageObject","inLanguage":"pt-PT","@id":"https:\/\/copiamais.com\/lojaonline\/produto\/conjunto-3-telas-canvas-casamento-mod-15\/#primaryimage","url":"https:\/\/copiamais.com\/lojaonline\/wp-content\/uploads\/2020\/06\/Tela_15_40x40_x3.jpeg?v=1604585639","contentUrl":"https:\/\/copiamais.com\/lojaonline\/wp-content\/uploads\/2020\/06\/Tela_15_40x40_x3.jpeg?v=1604585639","width":1500,"height":1500},{"@type":"BreadcrumbList","@id":"https:\/\/copiamais.com\/lojaonline\/produto\/conjunto-3-telas-canvas-casamento-mod-15\/#breadcrumb","itemListElement":[{"@type":"ListItem","position":1,"name":"In\u00edcio","item":"https:\/\/copiamais.com\/lojaonline\/"},{"@type":"ListItem","position":2,"name":"Loja","item":"https:\/\/copiamais.com\/lojaonline\/loja\/"},{"@type":"ListItem","position":3,"name":"Conjunto 3 Telas Canvas &#8211; Casamento"}]},{"@type":"WebSite","@id":"https:\/\/copiamais.com\/lojaonline\/#website","url":"https:\/\/copiamais.com\/lojaonline\/","name":"C\u00f3pia+ | Loja Online - Presentes Personalizados - Prendas Originais","description":"Presentes para namorados, Dia do Pai, Dia da M\u00e3e, Dia dos Av\u00f3s, P\u00e1scoa...","publisher":{"@id":"https:\/\/copiamais.com\/lojaonline\/#organization"},"potentialAction":[{"@type":"SearchAction","target":{"@type":"EntryPoint","urlTemplate":"https:\/\/copiamais.com\/lojaonline\/?s={search_term_string}"},"query-input":{"@type":"PropertyValueSpecification","valueRequired":true,"valueName":"search_term_string"}}],"inLanguage":"pt-PT"},{"@type":"Organization","@id":"https:\/\/copiamais.com\/lojaonline\/#organization","name":"C\u00f3pia+","url":"https:\/\/copiamais.com\/lojaonline\/","logo":{"@type":"ImageObject","inLanguage":"pt-PT","@id":"https:\/\/copiamais.com\/lojaonline\/#\/schema\/logo\/image\/","url":"https:\/\/copiamais.com\/lojaonline\/wp-content\/uploads\/2019\/08\/logo_copia.png","contentUrl":"https:\/\/copiamais.com\/lojaonline\/wp-content\/uploads\/2019\/08\/logo_copia.png","width":150,"height":92,"caption":"C\u00f3pia+"},"image":{"@id":"https:\/\/copiamais.com\/lojaonline\/#\/schema\/logo\/image\/"}}]}},"_links":{"self":[{"href":"https:\/\/copiamais.com\/lojaonline\/wp-json\/wp\/v2\/product\/8430","targetHints":{"allow":["GET"]}}],"collection":[{"href":"https:\/\/copiamais.com\/lojaonline\/wp-json\/wp\/v2\/product"}],"about":[{"href":"https:\/\/copiamais.com\/lojaonline\/wp-json\/wp\/v2\/types\/product"}],"replies":[{"embeddable":true,"href":"https:\/\/copiamais.com\/lojaonline\/wp-json\/wp\/v2\/comments?post=8430"}],"wp:featuredmedia":[{"embeddable":true,"href":"https:\/\/copiamais.com\/lojaonline\/wp-json\/wp\/v2\/media\/8435"}],"wp:attachment":[{"href":"https:\/\/copiamais.com\/lojaonline\/wp-json\/wp\/v2\/media?parent=8430"}],"wp:term":[{"taxonomy":"product_brand","embeddable":true,"href":"https:\/\/copiamais.com\/lojaonline\/wp-json\/wp\/v2\/product_brand?post=8430"},{"taxonomy":"product_cat","embeddable":true,"href":"https:\/\/copiamais.com\/lojaonline\/wp-json\/wp\/v2\/product_cat?post=8430"},{"taxonomy":"product_tag","embeddable":true,"href":"https:\/\/copiamais.com\/lojaonline\/wp-json\/wp\/v2\/product_tag?post=8430"}],"curies":[{"name":"wp","href":"https:\/\/api.w.org\/{rel}","templated":true}]}}